{"id":81,"date":"2021-06-14T11:08:49","date_gmt":"2021-06-14T11:08:49","guid":{"rendered":"https:\/\/blog.yoopies.es\/covid-19-empleadas-de-hogar\/"},"modified":"2025-06-12T08:44:05","modified_gmt":"2025-06-12T08:44:05","slug":"covid-19-empleadas-de-hogar","status":"publish","type":"page","link":"https:\/\/yoopies.es\/c\/covid-19-empleadas-de-hogar\/","title":{"rendered":"Covid-19: Millones de empleadas del hogar sin empleo. \u00bfC\u00f3mo responden los pa\u00edses europeos?"},"content":{"rendered":"<p class=\"highlighted\">\n<p>Ayudas econ&oacute;micas, derecho a paro, llamamientos a la solidaridad de las familias&#8230;Los distintos pa&iacute;ses europeos deben enfrentar la situaci&oacute;n de emergencia de millones de trabajadoras dom&eacute;sticas que se encuentran sin trabajo debido a la crisis sanitaria. Yoopies, plataforma internacional de oferta\/demanda en el sector de los servicios a la persona, ofrece una visi&oacute;n general de las medidas adoptadas en varios pa&iacute;ses. As&iacute;, mientras que Francia, Alemania y Espa&ntilde;a ya han implementado medidas espec&iacute;ficas para proteger a los trabajadores en este sector, &#8211; las cuales se confirman como fundamentales para apoyar a las familias europeas en el cuidado y la asistencia de los sectores m&aacute;s j&oacute;venes y mayores de la poblaci&oacute;n &#8211; Italia o Portugal a&uacute;n no han puesto en marcha ayudas espec&iacute;ficas para este colectivo. Un punto en com&uacute;n entre los pa&iacute;ses analizados, el cual se est&aacute; discutiendo dentro de los distintos gobiernos, es la oportunidad de favorecer y alentar la regularizaci&oacute;n de la situaci&oacute;n laboral de estas trabajadoras para que puedan recibir la misma ayuda p&uacute;blica propuesta para otros empleados.<\/p>\n<\/p>\n<p><p>El colectivo de empleadas del hogar est&aacute; formado por unas 580.000 trabajadoras en Espa&ntilde;a, seg&uacute;n la &uacute;ltima encuesta de poblaci&oacute;n activa del Instituto Nacional de Estad&iacute;stica, pero solo hay 394.200 personas afiliadas a la Seguridad Social, lo que refleja la irregularidad de estos empleos. Una situaci&oacute;n que se repite en pa&iacute;ses como Italia o Portugal (con alrededor de 865.000 y 70.292 trabajadoras declaradas respectivamente), donde la precariedad de estas trabajadoras ya era un hecho, y que plantea una nueva situaci&oacute;n de graves dificultades ante la pandemia actual. Ante estas circunstancias, los diferentes pa&iacute;ses europeos buscan soluciones para paliar esta compleja situaci&oacute;n.<\/p>\n<\/p>\n<p class=\"highlighted\">\n<p>Un reconocimiento sin precedentes en Espa&ntilde;a para las empleadas de hogar<\/p>\n<\/p>\n<p><p>En<strong> Espa&ntilde;a<\/strong>, las personas que atienden a menores, ancianos o discapacitados podr&aacute;n continuar con su actividad al ser reconocidas como parte de los trabajadores de servicios esenciales que deben prestarse en la actualidad. Se trata por tanto de una de las figuras que quedan exceptuadas del &aacute;mbito de aplicaci&oacute;n del <em>Real Decreto-ley 10\/2020, de 29 de marzo, por el que se regula un permiso retribuido recuperable para las personas trabajadoras por cuenta ajena que no presten servicios esenciales, con el fin de reducir la movilidad de la poblaci&oacute;n en el contexto de la lucha contra el COVID-19<\/em>, ya que su funci&oacute;n es necesaria y fundamental para cientos de miles de familias. Por tanto, estas personas podr&aacute;n desplazarse a las casas en las que trabajan y seguir ejerciendo su actividad de forma normal.<\/p>\n<p>Para aquellas empleadas de hogar que no asumen las funciones de cuidado y asistencia descritas,<strong> el Gobierno ha aprobado la creaci&oacute;n de un subsidio por desempleo <\/strong>dentro de las &uacute;ltimas medidas extraordinarias por el estado de alarma. Se trata de <strong>un derecho con el que no contaban hasta ahora<\/strong> y al que podr&aacute;n acceder si son despedidas o ven reducidas sus horas de trabajo en esta crisis. Este subsidio est&aacute; destinado a las personas dadas de alta como empleadas de hogar antes de la entrada en vigor del estado de alarma y que hayan dejado de prestar servicios en uno o varios domicilios, total o parcialmente, para reducir el riesgo de contagio a causa de la crisis sanitaria del coronavirus. Tambi&eacute;n se incluyen aquellas que hayan sido objeto de despido o desistimiento durante la crisis sanitaria. <strong>La cuant&iacute;a de la ayuda ser&aacute; del 70% de la base de cotizaci&oacute;n <\/strong>de la empleada de hogar, por tanto, si la empleada reduce su jornada laboral, percibir&aacute; la parte proporcional a esta reducci&oacute;n de jornada. Adem&aacute;s, ser&aacute; compatible con la percepci&oacute;n de otros salarios por cuenta propia o ajena si no se supera, en conjunto, el Salario M&iacute;nimo Interprofesional.<\/p>\n<p>Para pedir el subsidio ante el Servicio P&uacute;blico de Empleo Estatal, se podr&aacute; presentar una declaraci&oacute;n responsable firmada por el empleador, una carta de despido o comunicaci&oacute;n de desistimiento. Tambi&eacute;n ser&aacute; v&aacute;lida la baja en el Sistema Especial de Empleados del Hogar del R&eacute;gimen General de la Seguridad Social. El derecho a la prestaci&oacute;n se produce desde la fecha de baja en la Seguridad Social o desde la fecha que figure en la declaraci&oacute;n responsable firmada por el empleador.<\/p>\n<\/p>\n<p class=\"highlighted\">\n<p>El modelo social franc&eacute;s para la protecci&oacute;n de las trabajadoras dom&eacute;sticas<\/p>\n<\/p>\n<p><p>En el caso de <strong>Francia, <\/strong>el Ministerio de Econom&iacute;a ha lanzado un nuevo <strong>dispositivo que permite a los empleadores particulares solicitar el desempleo parcial<\/strong> de sus trabajadoras de hogar. <a href=\"https:\/\/yoopies.es\/\">Yoopies <\/a>estima que el 89% de las personas deber&iacute;an optar por esta opci&oacute;n, y el Ministro franc&eacute;s de Presupuesto, G&eacute;rald Darmanin, hace un llamamiento a la \u00absolidaridad nacional\u00bb para todos estos empleados, solicitando a \u00abtodos los empleadores particulares que puedan a mantener la remuneraci&oacute;n de sus trabajadores, aunque no hayan trabajado algunas horas\u00bb. Sin embargo, para evitar que algunas personas interrumpan el pago de salarios por horas no trabajadas, las autoridades p&uacute;blicas han establecido un dispositivo excepcional para garantizar la remuneraci&oacute;n de los empleados dom&eacute;sticos. As&iacute;, los empleadores podr&aacute;n declarar las horas efectivas trabajadas y posteriormente indicar aquellas que no se han trabajado utilizando un formulario espec&iacute;fico. <strong>Seguidamente deber&aacute;n pagar al empleado el 80% del salario neto<\/strong> por las horas no realizadas, una cantidad que se devolver&aacute; dentro de un periodo de \u00ab15 d&iacute;as aproximadamente\u00bb, seg&uacute;n URSSAF (Uni&oacute;n de Recaudaci&oacute;n de las cotizaciones de seguridad social y de los subsidios familiares).<\/p>\n<\/p>\n<p class=\"highlighted\">\n<p>Plan \u00abantidespidos\u00bb alem&aacute;n y aliento a la contrataci&oacute;n<\/p>\n<\/p>\n<p><p>En <strong>Alemania<\/strong>, cualquier empleada dom&eacute;stica con un contrato fijo podr&aacute; recibir<strong> una compensaci&oacute;n a corto plazo<\/strong> denominada \u00ab<em>Kurzarbeitergeld<\/em>\u00bb si no pueden trabajar el 10% o m&aacute;s de sus horas laborales. Esta cantidad asciende a <strong>60% del salario neto y al 67% para quienes tienen hijos <\/strong>, siendo solicitada y pagada por la familia, que recibe un reembolso del Estado. El Gobierno ha propuesto tambi&eacute;n que los empleadores realicen contratos para trabajadores que a&uacute;n no lo tengan con la condici&oacute;n de que dure al menos 6 meses despu&eacute;s de la crisis.&nbsp; El debate pol&iacute;tico de los &uacute;ltimos d&iacute;as sugiere ayudar tambi&eacute;n a los trabajadores del sector cuyo trabajo no se declara de manera regular. Si los empleadores les realizan un contrato y declaran la relaci&oacute;n laboral, pueden solicitar inmediatamente la compensaci&oacute;n del empleado. La &uacute;nica condici&oacute;n impuesta ser&iacute;a que el contrato dure al menos seis meses tras el final de la crisis.<\/p>\n<\/p>\n<p class=\"highlighted\">\n<p>Italia: &iquest;trabajadores dom&eacute;sticos y de atenci&oacute;n domiciliaria olvidados?<\/p>\n<\/p>\n<p><p>Para <strong>Italia<\/strong>, tras el &uacute;ltimo decreto aprobado el 26 de marzo, el trabajo dom&eacute;stico no se incluye entre las actividades profesionales suspendidas, por lo tanto, las empleadas de hogar, cuidadoras y ni&ntilde;eras podr&aacute;n continuar prestando sus servicios. Sin embargo, para el segmento de poblaci&oacute;n trabajadora m&aacute;s mayor del pa&iacute;s, pero tambi&eacute;n para el m&aacute;s joven &#8211; pensemos en las ni&ntilde;eras de las familias m&aacute;s activas profesionalmente durante este per&iacute;odo-, todav&iacute;a no se ha proporcionado una medida social que les proteja ante los despidos. <strong>Para la protecci&oacute;n de estos empleados se debe confiar en el sentido com&uacute;n<\/strong> y en la posibilidad de que las familias, en el mejor de los casos, pueden recurrir a un permiso retribuido o una licencia, evitando as&iacute; el despido.<\/p>\n<\/p>\n<p class=\"highlighted\">\n<p>Empleadas de hogar en Portugal: un colectivo vulnerable a tener en cuenta<\/p>\n<\/p>\n<p><p>En <strong>Portugal<\/strong>, en este momento la situaci&oacute;n es muy similar a la de Italia para los trabajadores del sector de atenci&oacute;n domiciliaria. Las trabajadoras dom&eacute;sticas que tienen que dejar su trabajo debido a una enfermedad, aislamiento profil&aacute;ctico, para el cuidado de un ni&ntilde;o menor de 12 a&ntilde;os o una persona dependiente, tienen derecho a una ayuda financiera equivalente a 2\/3 (66%) de su salario mensual b&aacute;sico declarado. Sin embargo, <strong>si la familia quiere interrumpir el servicio por temor a contagio o por confinamiento, la relaci&oacute;n puede suspenderse y el empleado puede ser despedido<\/strong> respetando los requisitos del contrato de trabajo. Por lo tanto, para evitar esta soluci&oacute;n, la familia puede optar por diferentes soluciones, como vacaciones o permisos retribuidos.<\/p>\n<\/p>\n<figure><img decoding=\"async\" src=\"https:\/\/yoopies.es\/c\/wp-content\/uploads\/sites\/7\/2021\/06\/7b9f53bc-ae44-4bad-9352-c8608575ab2e-23yoopies28229.jpg\" \/><\/figure>\n<p><p><strong>Fuentes:<\/strong><\/p>\n<ul>\n<li>\u00abMinisterio de Trabajo, Migraciones y Seguridad Social de Espa&ntilde;a\u00bb: <a target=\"_blank\" rel=\"noopener\" href=\"https:\/\/slack-redir.net\/link?url=http%3A%2F%2Fwww.mitramiss.gob.es%2Fes%2Festadisticas%2Fresumenweb%2FRUD.pdf\">http:\/\/www.mitramiss.gob.es\/es\/estadisticas\/resumenweb\/RUD.pdf<\/a><\/li>\n<li>\u00abF&eacute;d&eacute;ration des Particuliers Employeurs de France\u00bb: <a target=\"_blank\" rel=\"noopener\" href=\"https:\/\/www.fepem.fr\/les-chiffres-cles-emploi-a-domicile\/\">https:\/\/www.fepem.fr\/les-chiffres-cles-emploi-a-domicile\/<\/a><\/li>\n<li>\u00abInstitut der deutschen Wirtschaft\u00bb: <a target=\"_blank\" rel=\"noopener\" href=\"https:\/\/www.iwd.de\/artikel\/in-fast-drei-millionen-haushalten-arbeiten-putzkraefte-schwarz-437650\/\">https:\/\/www.iwd.de\/artikel\/in-fast-drei-millionen-haushalten-arbeiten-putzkraefte-schwarz-437650\/<\/a><\/li>\n<li><em>\u00ab<\/em>Lavoro domestico, avviso comune Covid-19&#8243; en DOMINA (Associazione Nazionale Famiglie di Lavoro Domestico): <a href=\"https:\/\/associazionedomina.it\">www.associazionedomina.it<\/a><\/li>\n<li>\u00abPordata (Base de Dados Portugal Contempor&acirc;neo)\u00bb: <a target=\"_blank\" rel=\"noopener\" href=\"https:\/\/www.pordata.pt\/Portugal\/Entidades+empregadoras+e+indiv%c3%adduos+do+servi%c3%a7o+dom%c3%a9stico+com+declara%c3%a7%c3%a3o+de+remunera%c3%a7%c3%a3o+%c3%a0+Seguran%c3%a7a+Social-863-10159\">https:\/\/www.pordata.pt\/Portugal\/Entidades+empregadoras+e+indiv%c3%adduos+do+servi%c3%a7o+dom%c3%a9stico+com+declara%c3%a7%c3%a3o+de+remunera%c3%a7%c3%a3o+%c3%a0+Seguran%c3%a7a+Social-863-10159<\/a><\/li>\n<\/ul>\n","protected":false},"excerpt":{"rendered":"<p>Ayudas econ&oacute;micas, derecho a paro, llamamientos a la solidaridad de las familias&#8230;Los distintos pa&iacute;ses europeos &hellip; <\/p>\n","protected":false},"author":10,"featured_media":83,"parent":0,"menu_order":0,"comment_status":"closed","ping_status":"closed","template":"","meta":{"_acf_changed":false,"footnotes":""},"class_list":["post-81","page","type-page","status-publish","has-post-thumbnail","hentry"],"acf":[],"yoast_head":"<!-- This site is optimized with the Yoast SEO plugin v26.9 - https:\/\/yoast.com\/product\/yoast-seo-wordpress\/ -->\n<title>Covid-19: Millones de empleadas del hogar sin empleo. \u00bfC\u00f3mo responden los pa\u00edses europeos?<\/title>\n<meta name=\"description\" content=\"Ayudas econ\u00f3micas, derecho a paro, llamamientos a la solidaridad de las familias...Los distintos pa\u00edses europeos deben enfrentar la situaci\u00f3n de emergencia de millones de trabajadoras dom\u00e9sticas que se encuentran sin trabajo debido a la crisis sanitaria. Yoopies, plataforma internacional de oferta\/demanda en el sector de los servicios a la persona, ofrece una visi\u00f3n general de las medidas adoptadas en varios pa\u00edses.\" \/>\n<meta name=\"robots\" content=\"index, follow, max-snippet:-1, max-image-preview:large, max-video-preview:-1\" \/>\n<link rel=\"canonical\" href=\"https:\/\/yoopies.es\/c\/covid-19-empleadas-de-hogar\/\" \/>\n<meta property=\"og:locale\" content=\"es_ES\" \/>\n<meta property=\"og:type\" content=\"article\" \/>\n<meta property=\"og:title\" content=\"Covid-19: Millones de empleadas del hogar sin empleo. \u00bfC\u00f3mo responden los pa\u00edses europeos?\" \/>\n<meta property=\"og:description\" content=\"Ayudas econ\u00f3micas, derecho a paro, llamamientos a la solidaridad de las familias...Los distintos pa\u00edses europeos deben enfrentar la situaci\u00f3n de emergencia de millones de trabajadoras dom\u00e9sticas que se encuentran sin trabajo debido a la crisis sanitaria. Yoopies, plataforma internacional de oferta\/demanda en el sector de los servicios a la persona, ofrece una visi\u00f3n general de las medidas adoptadas en varios pa\u00edses.\" \/>\n<meta property=\"og:url\" content=\"https:\/\/yoopies.es\/c\/covid-19-empleadas-de-hogar\/\" \/>\n<meta property=\"og:site_name\" content=\"Yoopies Espa\u00f1a\" \/>\n<meta property=\"article:modified_time\" content=\"2025-06-12T08:44:05+00:00\" \/>\n<meta property=\"og:image\" content=\"https:\/\/yoopies.es\/c\/wp-content\/uploads\/sites\/7\/2021\/06\/317931bd-acbf-43ef-bf97-08df78302ca4-23yoopies28129.jpg\" \/>\n\t<meta property=\"og:image:width\" content=\"1200\" \/>\n\t<meta property=\"og:image:height\" content=\"500\" \/>\n\t<meta property=\"og:image:type\" content=\"image\/jpeg\" \/>\n<meta name=\"twitter:card\" content=\"summary_large_image\" \/>\n<meta name=\"twitter:label1\" content=\"Tiempo de lectura\" \/>\n\t<meta name=\"twitter:data1\" content=\"8 minutos\" \/>\n<script type=\"application\/ld+json\" class=\"yoast-schema-graph\">{\"@context\":\"https:\/\/schema.org\",\"@graph\":[{\"@type\":\"WebPage\",\"@id\":\"https:\/\/yoopies.es\/c\/covid-19-empleadas-de-hogar\/\",\"url\":\"https:\/\/yoopies.es\/c\/covid-19-empleadas-de-hogar\/\",\"name\":\"Covid-19: Millones de empleadas del hogar sin empleo. \u00bfC\u00f3mo responden los pa\u00edses europeos?\",\"isPartOf\":{\"@id\":\"https:\/\/yoopies.es\/c\/#website\"},\"primaryImageOfPage\":{\"@id\":\"https:\/\/yoopies.es\/c\/covid-19-empleadas-de-hogar\/#primaryimage\"},\"image\":{\"@id\":\"https:\/\/yoopies.es\/c\/covid-19-empleadas-de-hogar\/#primaryimage\"},\"thumbnailUrl\":\"https:\/\/yoopies.es\/c\/wp-content\/uploads\/sites\/7\/2021\/06\/317931bd-acbf-43ef-bf97-08df78302ca4-23yoopies28129.jpg\",\"datePublished\":\"2021-06-14T11:08:49+00:00\",\"dateModified\":\"2025-06-12T08:44:05+00:00\",\"description\":\"Ayudas econ\u00f3micas, derecho a paro, llamamientos a la solidaridad de las familias...Los distintos pa\u00edses europeos deben enfrentar la situaci\u00f3n de emergencia de millones de trabajadoras dom\u00e9sticas que se encuentran sin trabajo debido a la crisis sanitaria. Yoopies, plataforma internacional de oferta\/demanda en el sector de los servicios a la persona, ofrece una visi\u00f3n general de las medidas adoptadas en varios pa\u00edses.\",\"breadcrumb\":{\"@id\":\"https:\/\/yoopies.es\/c\/covid-19-empleadas-de-hogar\/#breadcrumb\"},\"inLanguage\":\"es\",\"potentialAction\":[{\"@type\":\"ReadAction\",\"target\":[\"https:\/\/yoopies.es\/c\/covid-19-empleadas-de-hogar\/\"]}]},{\"@type\":\"ImageObject\",\"inLanguage\":\"es\",\"@id\":\"https:\/\/yoopies.es\/c\/covid-19-empleadas-de-hogar\/#primaryimage\",\"url\":\"https:\/\/yoopies.es\/c\/wp-content\/uploads\/sites\/7\/2021\/06\/317931bd-acbf-43ef-bf97-08df78302ca4-23yoopies28129.jpg\",\"contentUrl\":\"https:\/\/yoopies.es\/c\/wp-content\/uploads\/sites\/7\/2021\/06\/317931bd-acbf-43ef-bf97-08df78302ca4-23yoopies28129.jpg\",\"width\":1200,\"height\":500},{\"@type\":\"BreadcrumbList\",\"@id\":\"https:\/\/yoopies.es\/c\/covid-19-empleadas-de-hogar\/#breadcrumb\",\"itemListElement\":[{\"@type\":\"ListItem\",\"position\":1,\"name\":\"Home\",\"item\":\"https:\/\/yoopies.es\/c\/\"},{\"@type\":\"ListItem\",\"position\":2,\"name\":\"Covid-19: Millones de empleadas del hogar sin empleo. \u00bfC\u00f3mo responden los pa\u00edses europeos?\"}]},{\"@type\":\"WebSite\",\"@id\":\"https:\/\/yoopies.es\/c\/#website\",\"url\":\"https:\/\/yoopies.es\/c\/\",\"name\":\"Yoopies Espa\u00f1a\",\"description\":\"\",\"publisher\":{\"@id\":\"https:\/\/yoopies.es\/c\/#organization\"},\"potentialAction\":[{\"@type\":\"SearchAction\",\"target\":{\"@type\":\"EntryPoint\",\"urlTemplate\":\"https:\/\/yoopies.es\/c\/?s={search_term_string}\"},\"query-input\":{\"@type\":\"PropertyValueSpecification\",\"valueRequired\":true,\"valueName\":\"search_term_string\"}}],\"inLanguage\":\"es\"},{\"@type\":\"Organization\",\"@id\":\"https:\/\/yoopies.es\/c\/#organization\",\"name\":\"Yoopies Espa\u00f1a\",\"url\":\"https:\/\/yoopies.es\/c\/\",\"logo\":{\"@type\":\"ImageObject\",\"inLanguage\":\"es\",\"@id\":\"https:\/\/yoopies.es\/c\/#\/schema\/logo\/image\/\",\"url\":\"https:\/\/yoopies.es\/c\/wp-content\/uploads\/sites\/7\/2025\/05\/cropped-Logo_Yoopies-2.png\",\"contentUrl\":\"https:\/\/yoopies.es\/c\/wp-content\/uploads\/sites\/7\/2025\/05\/cropped-Logo_Yoopies-2.png\",\"width\":512,\"height\":512,\"caption\":\"Yoopies Espa\u00f1a\"},\"image\":{\"@id\":\"https:\/\/yoopies.es\/c\/#\/schema\/logo\/image\/\"}}]}<\/script>\n<!-- \/ Yoast SEO plugin. -->","yoast_head_json":{"title":"Covid-19: Millones de empleadas del hogar sin empleo. \u00bfC\u00f3mo responden los pa\u00edses europeos?","description":"Ayudas econ\u00f3micas, derecho a paro, llamamientos a la solidaridad de las familias...Los distintos pa\u00edses europeos deben enfrentar la situaci\u00f3n de emergencia de millones de trabajadoras dom\u00e9sticas que se encuentran sin trabajo debido a la crisis sanitaria. Yoopies, plataforma internacional de oferta\/demanda en el sector de los servicios a la persona, ofrece una visi\u00f3n general de las medidas adoptadas en varios pa\u00edses.","robots":{"index":"index","follow":"follow","max-snippet":"max-snippet:-1","max-image-preview":"max-image-preview:large","max-video-preview":"max-video-preview:-1"},"canonical":"https:\/\/yoopies.es\/c\/covid-19-empleadas-de-hogar\/","og_locale":"es_ES","og_type":"article","og_title":"Covid-19: Millones de empleadas del hogar sin empleo. \u00bfC\u00f3mo responden los pa\u00edses europeos?","og_description":"Ayudas econ\u00f3micas, derecho a paro, llamamientos a la solidaridad de las familias...Los distintos pa\u00edses europeos deben enfrentar la situaci\u00f3n de emergencia de millones de trabajadoras dom\u00e9sticas que se encuentran sin trabajo debido a la crisis sanitaria. Yoopies, plataforma internacional de oferta\/demanda en el sector de los servicios a la persona, ofrece una visi\u00f3n general de las medidas adoptadas en varios pa\u00edses.","og_url":"https:\/\/yoopies.es\/c\/covid-19-empleadas-de-hogar\/","og_site_name":"Yoopies Espa\u00f1a","article_modified_time":"2025-06-12T08:44:05+00:00","og_image":[{"width":1200,"height":500,"url":"https:\/\/yoopies.es\/c\/wp-content\/uploads\/sites\/7\/2021\/06\/317931bd-acbf-43ef-bf97-08df78302ca4-23yoopies28129.jpg","type":"image\/jpeg"}],"twitter_card":"summary_large_image","twitter_misc":{"Tiempo de lectura":"8 minutos"},"schema":{"@context":"https:\/\/schema.org","@graph":[{"@type":"WebPage","@id":"https:\/\/yoopies.es\/c\/covid-19-empleadas-de-hogar\/","url":"https:\/\/yoopies.es\/c\/covid-19-empleadas-de-hogar\/","name":"Covid-19: Millones de empleadas del hogar sin empleo. \u00bfC\u00f3mo responden los pa\u00edses europeos?","isPartOf":{"@id":"https:\/\/yoopies.es\/c\/#website"},"primaryImageOfPage":{"@id":"https:\/\/yoopies.es\/c\/covid-19-empleadas-de-hogar\/#primaryimage"},"image":{"@id":"https:\/\/yoopies.es\/c\/covid-19-empleadas-de-hogar\/#primaryimage"},"thumbnailUrl":"https:\/\/yoopies.es\/c\/wp-content\/uploads\/sites\/7\/2021\/06\/317931bd-acbf-43ef-bf97-08df78302ca4-23yoopies28129.jpg","datePublished":"2021-06-14T11:08:49+00:00","dateModified":"2025-06-12T08:44:05+00:00","description":"Ayudas econ\u00f3micas, derecho a paro, llamamientos a la solidaridad de las familias...Los distintos pa\u00edses europeos deben enfrentar la situaci\u00f3n de emergencia de millones de trabajadoras dom\u00e9sticas que se encuentran sin trabajo debido a la crisis sanitaria. Yoopies, plataforma internacional de oferta\/demanda en el sector de los servicios a la persona, ofrece una visi\u00f3n general de las medidas adoptadas en varios pa\u00edses.","breadcrumb":{"@id":"https:\/\/yoopies.es\/c\/covid-19-empleadas-de-hogar\/#breadcrumb"},"inLanguage":"es","potentialAction":[{"@type":"ReadAction","target":["https:\/\/yoopies.es\/c\/covid-19-empleadas-de-hogar\/"]}]},{"@type":"ImageObject","inLanguage":"es","@id":"https:\/\/yoopies.es\/c\/covid-19-empleadas-de-hogar\/#primaryimage","url":"https:\/\/yoopies.es\/c\/wp-content\/uploads\/sites\/7\/2021\/06\/317931bd-acbf-43ef-bf97-08df78302ca4-23yoopies28129.jpg","contentUrl":"https:\/\/yoopies.es\/c\/wp-content\/uploads\/sites\/7\/2021\/06\/317931bd-acbf-43ef-bf97-08df78302ca4-23yoopies28129.jpg","width":1200,"height":500},{"@type":"BreadcrumbList","@id":"https:\/\/yoopies.es\/c\/covid-19-empleadas-de-hogar\/#breadcrumb","itemListElement":[{"@type":"ListItem","position":1,"name":"Home","item":"https:\/\/yoopies.es\/c\/"},{"@type":"ListItem","position":2,"name":"Covid-19: Millones de empleadas del hogar sin empleo. \u00bfC\u00f3mo responden los pa\u00edses europeos?"}]},{"@type":"WebSite","@id":"https:\/\/yoopies.es\/c\/#website","url":"https:\/\/yoopies.es\/c\/","name":"Yoopies Espa\u00f1a","description":"","publisher":{"@id":"https:\/\/yoopies.es\/c\/#organization"},"potentialAction":[{"@type":"SearchAction","target":{"@type":"EntryPoint","urlTemplate":"https:\/\/yoopies.es\/c\/?s={search_term_string}"},"query-input":{"@type":"PropertyValueSpecification","valueRequired":true,"valueName":"search_term_string"}}],"inLanguage":"es"},{"@type":"Organization","@id":"https:\/\/yoopies.es\/c\/#organization","name":"Yoopies Espa\u00f1a","url":"https:\/\/yoopies.es\/c\/","logo":{"@type":"ImageObject","inLanguage":"es","@id":"https:\/\/yoopies.es\/c\/#\/schema\/logo\/image\/","url":"https:\/\/yoopies.es\/c\/wp-content\/uploads\/sites\/7\/2025\/05\/cropped-Logo_Yoopies-2.png","contentUrl":"https:\/\/yoopies.es\/c\/wp-content\/uploads\/sites\/7\/2025\/05\/cropped-Logo_Yoopies-2.png","width":512,"height":512,"caption":"Yoopies Espa\u00f1a"},"image":{"@id":"https:\/\/yoopies.es\/c\/#\/schema\/logo\/image\/"}}]}},"_links":{"self":[{"href":"https:\/\/yoopies.es\/c\/wp-json\/wp\/v2\/pages\/81","targetHints":{"allow":["GET"]}}],"collection":[{"href":"https:\/\/yoopies.es\/c\/wp-json\/wp\/v2\/pages"}],"about":[{"href":"https:\/\/yoopies.es\/c\/wp-json\/wp\/v2\/types\/page"}],"author":[{"embeddable":true,"href":"https:\/\/yoopies.es\/c\/wp-json\/wp\/v2\/users\/10"}],"replies":[{"embeddable":true,"href":"https:\/\/yoopies.es\/c\/wp-json\/wp\/v2\/comments?post=81"}],"version-history":[{"count":1,"href":"https:\/\/yoopies.es\/c\/wp-json\/wp\/v2\/pages\/81\/revisions"}],"predecessor-version":[{"id":84,"href":"https:\/\/yoopies.es\/c\/wp-json\/wp\/v2\/pages\/81\/revisions\/84"}],"wp:featuredmedia":[{"embeddable":true,"href":"https:\/\/yoopies.es\/c\/wp-json\/wp\/v2\/media\/83"}],"wp:attachment":[{"href":"https:\/\/yoopies.es\/c\/wp-json\/wp\/v2\/media?parent=81"}],"curies":[{"name":"wp","href":"https:\/\/api.w.org\/{rel}","templated":true}]}}