{"id":408,"date":"2024-04-02T13:37:25","date_gmt":"2024-04-02T13:37:25","guid":{"rendered":"https:\/\/blog.yoopies.es\/para-candidatos\/busca-trabajo-temporal\/los-mejores-trabajos-a-tiempo-parcial\/"},"modified":"2025-06-12T08:44:07","modified_gmt":"2025-06-12T08:44:07","slug":"los-mejores-trabajos-a-tiempo-parcial","status":"publish","type":"page","link":"https:\/\/yoopies.es\/c\/para-candidatos\/busca-trabajo-temporal\/los-mejores-trabajos-a-tiempo-parcial\/","title":{"rendered":"Gu\u00eda de los mejores trabajos a tiempo parcial"},"content":{"rendered":"<p><p>Encontrar un equilibrio entre el trabajo y la vida privada es muy importante. Una forma inteligente de lograr esto es a trav&eacute;s de un trabajo a tiempo parcial, ya que tendr&aacute;s una buena parte del d&iacute;a libre para dedicarla a tus actividades o pasatiempos favoritos.<\/p>\n<p>La flexibilidad laboral ha crecido en los &uacute;ltimos a&ntilde;os con el aumento en el n&uacute;mero de trabajadores a distancia (teletrabajo); la llegada de nuevas tecnolog&iacute;as tambi&eacute;n ha generado m&aacute;s oportunidades de empleo en el hogar, as&iacute; como la creaci&oacute;n de trabajos en el mundo online. Como resultado, hay innumerables formas de ganar dinero o ahorrar un poco a trav&eacute;s de las pasiones o habilidades que posee uno mismo.<\/p>\n<p>En esta gu&iacute;a examinamos cinco de las mejores maneras de ganar un buen dinero durante el limitado tiempo que se tiene disponible. Como no se cobra lo mismo en todos los trabajos de media jornada, nos enfocaremos en los m&aacute;s rentables.<\/p>\n<\/p>\n<figure><img decoding=\"async\" src=\"https:\/\/static.yoopies.com\/upload\/cms\/image\/daf731817570d277547081b5c79084251be1616f-foto-articolo-prismic.jpg\" \/><\/figure>\n<p><h3><strong>1. Ni&ntilde;era o canguro<\/strong><\/h3>\n<p>El cuidado de ni&ntilde;os es uno de los trabajos a tiempo parcial m&aacute;s solicitados en el mercado. A menudo, la labor de ni&ntilde;era o canguro se realiza en el tiempo libre, antes o despu&eacute;s de otros empleos, ya que generalmente se lleva a cabo fuera del horario laboral. Si no te importa dejar de lado los s&aacute;bados por la noche, puede ser un trabajo muy rentable los fines de semana. Adem&aacute;s, tambi&eacute;n puede reportarte otros beneficios, como una comida casera totalmente gratuita o el pago de los gastos de transporte para llegar al trabajo. Ser responsable de cuidar a otra persona es un trabajo muy gratificante.<\/p>\n<p>Este es un trabajo hecho a medida para un\/a estudiante (si se organiza bien), ya que tiene la oportunidad de planificar su propio estudio y despu&eacute;s dedicar tiempo al cuidado de ni&ntilde;os.<\/p>\n<p>Cualificaciones requeridas: algunos empleadores solicitan experiencia previa o referencias de las ni&ntilde;eras y canguros. <strong><a href=\"https:\/\/yoopies.es\">Yoopies<\/a><\/strong>, la principal plataforma de cuidado infantil online, requiere experiencia y\/o formaci&oacute;n en cuidado de ni&ntilde;os y tener al menos 16 a&ntilde;os.<\/p>\n<\/p>\n<figure><img decoding=\"async\" src=\"https:\/\/static.yoopies.com\/upload\/cms\/image\/376b5fe1dbe08624920b8488045690e5741d71c1-prismic-baby-sitter.jpg\" \/><\/figure>\n<p><h3><strong>2. Asistente (recepcionista, secretario, administrativo&#8230;)<\/strong><\/h3>\n<p>Si sabes c&oacute;mo usar bien el ordenador, te gusta trabajar en oficina y est&aacute;s familiarizado con Word, Excel y PowerPoint, no deber&iacute;as tener problemas para encontrar un trabajo como recepcionista, secretario\/a o administrativo\/a (&iexcl;por supuesto atenci&oacute;n a si te solicitan una titulaci&oacute;n espec&iacute;fica!). Adem&aacute;s de los beneficios econ&oacute;micos, hay una serie de habilidades y capacidades que te llevar&aacute;s contigo para tu pr&oacute;ximo trabajo. &iexcl;Atenci&oacute;n!, porque puede ser un empleo repetitivo por la realizaci&oacute;n de fotocopias, transcripciones, labores de archivo u otras tareas mon&oacute;tonas.<\/p>\n<p>Cualificaciones requeridas: es un rol basado en habilidades, en el que los conocimientos en contabilidad o mecanograf&iacute;a pueden ayudar, y pueden requerirse buenas capacidades para la escritura, siendo el ingl&eacute;s una gran ventaja.<\/p>\n<\/p>\n<figure><img decoding=\"async\" src=\"https:\/\/static.yoopies.com\/upload\/cms\/image\/c47bff7fd1df5e32f4f4a6331423c81d5f3dd2bf-prismic-foto-lavoro.jpg\" \/><\/figure>\n<p><h3><strong>3. Entrenador, instructor o profesor particular <\/strong><\/h3>\n<p>Si tienes la formaci&oacute;n necesaria, la ense&ntilde;anza es uno de los grandes trabajos a tiempo parcial que pueden aumentar tus ganancias de manera m&aacute;s que positiva. Las clases particulares se pagan entre 10 y 15 &euro; la hora para un estudiante hasta una cifra que puede pasar de los 30 a los 50 &euro; por hora para aquellos profesionales con mayor experiencia y preparaci&oacute;n. Si tienes amplios conocimientos en matem&aacute;ticas, lat&iacute;n o ingl&eacute;s, esto te ser&aacute; particularmente &uacute;til para ense&ntilde;ar a estudiantes de Secundaria o Bachillerato, por ejemplo a trav&eacute;s de nuestra plataforma de <strong><a href=\"https:\/\/yoopies.es\">Yoopies<\/a><\/strong>. Si tus habilidades como profesor est&aacute;n relacionadas con el deporte, hay muchos empleos de temporada para estudiantes en clubes deportivos, en gimnasios y en campamentos de verano en Espa&ntilde;a y en el extranjero. En un trabajo como instructor de una actividad deportiva o similar puedes ganar entre 8 y 10 &euro; por hora.<\/p>\n<p>Cualificaciones requeridas: como profesor particular, tener un t&iacute;tulo en la materia puede ser un requisito previo. Para la ense&ntilde;anza en general, se requieren al menos 16 a&ntilde;os. <a href=\"https:\/\/yoopies.es\/c\/como-convertirse-en-un-profesor-particular-de-exito\">&iexcl;Lee nuestro art&iacute;culo sobre c&oacute;mo convertirte en un profesor particular de &eacute;xito!<\/a><\/p>\n<\/p>\n<figure><img decoding=\"async\" src=\"https:\/\/static.yoopies.com\/upload\/cms\/image\/9a0fd614ae013cc965d2f379ec1d8e0b2c95dbf5-prismic-articolo-2.jpg\" \/><\/figure>\n<p><h3><strong>4. Cuidador de mascotas<\/strong><\/h3>\n<p>En la vida hay cosas de valor incalculable como la familia y las mascotas. Por esta raz&oacute;n, los due&ntilde;os de mascotas est&aacute;n dispuestos a pagar m&aacute;s para garantizar que sus queridos animales est&eacute;n bien cuidados durante su ausencia. Al igual que los ni&ntilde;os, tambi&eacute;n las mascotas necesitan compa&ntilde;&iacute;a y cuidado, especialmente si sus due&ntilde;os est&aacute;n de vacaciones.<\/p>\n<p>Los animales m&aacute;s peque&ntilde;os, como los gatos, los conejos y los h&aacute;msters, no se pueden dejar solos mucho tiempo. Si bien las granjas de animales, residencias caninas y centros de d&iacute;a son muy populares, muchos propietarios de mascotas prefieren la comodidad de su propia casa. Por tanto, los cuidadores de mascotas privados pueden ser muy asequibles, como ocurre con los de <strong><a href=\"https:\/\/yoopies.es\">Yoopies<\/a><\/strong>.<\/p>\n<p>Vivir en la zona del empleador es muy &uacute;til, ya que los propietarios necesitan la flexibilidad de alguien cercano. Para ello, puedes navegar online y buscar \u00abtrabajos de media jornada cerca de m&iacute;\u00bb para ver algunas de las oportunidades m&aacute;s pr&oacute;ximas en tu zona. <\/p>\n<p>Cualificaciones requeridas: se requiere experiencia en el cuidado de mascotas, en particular en el tipo de animal en cuesti&oacute;n. Es posible que algunos clientes soliciten que sepas c&oacute;mo realizar primeros auxilios a los animales en caso necesario. La edad m&iacute;nima requerida es de 16 a&ntilde;os. Si quieres saber m&aacute;s sobre lo que buscan los empleadores para convertirte en el cuidador de mascotas perfecto, te animamos a consultar <a href=\"https:\/\/yoopies.es\/c\/guia-definitiva-cuidado-mascotas\/he-elegido-al-cuidador-de-perros-adecuado\">este art&iacute;culo.<\/a><\/p>\n<\/p>\n<figure><img decoding=\"async\" src=\"https:\/\/static.yoopies.com\/upload\/cms\/image\/c6eb3cdd09bcc5d8094f45894ff46743727fd2e5-pet-sitting-prismic.jpg\" \/><\/figure>\n<p><h2><strong>5. Asistente de ventas o consultora de belleza<\/strong><\/h2>\n<p>Para quienes les gusta el maquillaje y los cosm&eacute;ticos, un trabajo a tiempo parcial como consultor o consultora de belleza es uno de los trabajos mejor pagados del mercado.<\/p>\n<p>La mayor&iacute;a de los consultores de belleza trabajan en grandes almacenes para importantes marcas. El rol consiste en mostrar los productos y venderlos a los clientes. Es necesario saber c&oacute;mo relacionarse con los usuarios, un estilo creativo y tener un m&iacute;nimo de habilidades en ventas, especialmente si tambi&eacute;n se gana una comisi&oacute;n por venta. Adem&aacute;s, prep&aacute;rate para estar de pie todo el d&iacute;a.<\/p>\n<p>Cualificaciones requeridas: dependiendo del empleo, algunas marcas ofrecen formaci&oacute;n espec&iacute;fica a los reci&eacute;n llegados.<\/p>\n<\/p>\n<figure><img decoding=\"async\" src=\"https:\/\/static.yoopies.com\/upload\/cms\/image\/6d51ecfeda9bf14a2046896334856f60edbd1845-prismic-img-trucco.jpg\" \/><\/figure>\n<p><a class=\"button\" href=\"https:\/\/yoopies.es\/\">\u00a1Busca y encuentra el trabajo a tiempo parcial que deseas de inmediato!<\/a><\/p>\n","protected":false},"excerpt":{"rendered":"<p>Encontrar un equilibrio entre el trabajo y la vida privada es muy importante. Una forma &hellip; <\/p>\n","protected":false},"author":10,"featured_media":409,"parent":344,"menu_order":0,"comment_status":"closed","ping_status":"closed","template":"","meta":{"_acf_changed":false,"footnotes":""},"class_list":["post-408","page","type-page","status-publish","has-post-thumbnail","hentry"],"acf":[],"yoast_head":"<!-- This site is optimized with the Yoast SEO plugin v26.9 - https:\/\/yoast.com\/product\/yoast-seo-wordpress\/ -->\n<title>Gu\u00eda de los mejores trabajos a tiempo parcial<\/title>\n<meta name=\"description\" content=\"\u00bfCu\u00e1les son los empleos m\u00e1s estimulantes a tiempo parcial o los trabajos en los que m\u00e1s se gana? Ni\u00f1era, profesor particular...\u00a1Descubre esta gu\u00eda que los resume y explica c\u00f3mo acceder a ellos!\" \/>\n<meta name=\"robots\" content=\"index, follow, max-snippet:-1, max-image-preview:large, max-video-preview:-1\" \/>\n<link rel=\"canonical\" href=\"https:\/\/yoopies.es\/c\/para-candidatos\/busca-trabajo-temporal\/los-mejores-trabajos-a-tiempo-parcial\/\" \/>\n<meta property=\"og:locale\" content=\"es_ES\" \/>\n<meta property=\"og:type\" content=\"article\" \/>\n<meta property=\"og:title\" content=\"Gu\u00eda de los mejores trabajos a tiempo parcial\" \/>\n<meta property=\"og:description\" content=\"\u00bfCu\u00e1les son los empleos m\u00e1s estimulantes a tiempo parcial o los trabajos en los que m\u00e1s se gana? Ni\u00f1era, profesor particular...\u00a1Descubre esta gu\u00eda que los resume y explica c\u00f3mo acceder a ellos!\" \/>\n<meta property=\"og:url\" content=\"https:\/\/yoopies.es\/c\/para-candidatos\/busca-trabajo-temporal\/los-mejores-trabajos-a-tiempo-parcial\/\" \/>\n<meta property=\"og:site_name\" content=\"Yoopies Espa\u00f1a\" \/>\n<meta property=\"article:modified_time\" content=\"2025-06-12T08:44:07+00:00\" \/>\n<meta property=\"og:image\" content=\"https:\/\/yoopies.es\/c\/wp-content\/uploads\/sites\/7\/2024\/04\/4e0883ad99be05db84d4656951f66fde997ea881-part-time-money-prismic.jpg\" \/>\n\t<meta property=\"og:image:width\" content=\"6000\" \/>\n\t<meta property=\"og:image:height\" content=\"4000\" \/>\n\t<meta property=\"og:image:type\" content=\"image\/jpeg\" \/>\n<meta name=\"twitter:card\" content=\"summary_large_image\" \/>\n<meta name=\"twitter:label1\" content=\"Tiempo de lectura\" \/>\n\t<meta name=\"twitter:data1\" content=\"6 minutos\" \/>\n<script type=\"application\/ld+json\" class=\"yoast-schema-graph\">{\"@context\":\"https:\/\/schema.org\",\"@graph\":[{\"@type\":\"WebPage\",\"@id\":\"https:\/\/yoopies.es\/c\/para-candidatos\/busca-trabajo-temporal\/los-mejores-trabajos-a-tiempo-parcial\/\",\"url\":\"https:\/\/yoopies.es\/c\/para-candidatos\/busca-trabajo-temporal\/los-mejores-trabajos-a-tiempo-parcial\/\",\"name\":\"Gu\u00eda de los mejores trabajos a tiempo parcial\",\"isPartOf\":{\"@id\":\"https:\/\/yoopies.es\/c\/#website\"},\"primaryImageOfPage\":{\"@id\":\"https:\/\/yoopies.es\/c\/para-candidatos\/busca-trabajo-temporal\/los-mejores-trabajos-a-tiempo-parcial\/#primaryimage\"},\"image\":{\"@id\":\"https:\/\/yoopies.es\/c\/para-candidatos\/busca-trabajo-temporal\/los-mejores-trabajos-a-tiempo-parcial\/#primaryimage\"},\"thumbnailUrl\":\"https:\/\/yoopies.es\/c\/wp-content\/uploads\/sites\/7\/2024\/04\/4e0883ad99be05db84d4656951f66fde997ea881-part-time-money-prismic.jpg\",\"datePublished\":\"2024-04-02T13:37:25+00:00\",\"dateModified\":\"2025-06-12T08:44:07+00:00\",\"description\":\"\u00bfCu\u00e1les son los empleos m\u00e1s estimulantes a tiempo parcial o los trabajos en los que m\u00e1s se gana? Ni\u00f1era, profesor particular...\u00a1Descubre esta gu\u00eda que los resume y explica c\u00f3mo acceder a ellos!\",\"breadcrumb\":{\"@id\":\"https:\/\/yoopies.es\/c\/para-candidatos\/busca-trabajo-temporal\/los-mejores-trabajos-a-tiempo-parcial\/#breadcrumb\"},\"inLanguage\":\"es\",\"potentialAction\":[{\"@type\":\"ReadAction\",\"target\":[\"https:\/\/yoopies.es\/c\/para-candidatos\/busca-trabajo-temporal\/los-mejores-trabajos-a-tiempo-parcial\/\"]}]},{\"@type\":\"ImageObject\",\"inLanguage\":\"es\",\"@id\":\"https:\/\/yoopies.es\/c\/para-candidatos\/busca-trabajo-temporal\/los-mejores-trabajos-a-tiempo-parcial\/#primaryimage\",\"url\":\"https:\/\/yoopies.es\/c\/wp-content\/uploads\/sites\/7\/2024\/04\/4e0883ad99be05db84d4656951f66fde997ea881-part-time-money-prismic.jpg\",\"contentUrl\":\"https:\/\/yoopies.es\/c\/wp-content\/uploads\/sites\/7\/2024\/04\/4e0883ad99be05db84d4656951f66fde997ea881-part-time-money-prismic.jpg\",\"width\":6000,\"height\":4000},{\"@type\":\"BreadcrumbList\",\"@id\":\"https:\/\/yoopies.es\/c\/para-candidatos\/busca-trabajo-temporal\/los-mejores-trabajos-a-tiempo-parcial\/#breadcrumb\",\"itemListElement\":[{\"@type\":\"ListItem\",\"position\":1,\"name\":\"Home\",\"item\":\"https:\/\/yoopies.es\/c\/\"},{\"@type\":\"ListItem\",\"position\":2,\"name\":\"Para candidatos\",\"item\":\"https:\/\/yoopies.es\/c\/para-candidatos\/\"},{\"@type\":\"ListItem\",\"position\":3,\"name\":\"\u00bfBuscando trabajo temporal?\",\"item\":\"https:\/\/yoopies.es\/c\/para-candidatos\/busca-trabajo-temporal\/\"},{\"@type\":\"ListItem\",\"position\":4,\"name\":\"Gu\u00eda de los mejores trabajos a tiempo parcial\"}]},{\"@type\":\"WebSite\",\"@id\":\"https:\/\/yoopies.es\/c\/#website\",\"url\":\"https:\/\/yoopies.es\/c\/\",\"name\":\"Yoopies Espa\u00f1a\",\"description\":\"\",\"publisher\":{\"@id\":\"https:\/\/yoopies.es\/c\/#organization\"},\"potentialAction\":[{\"@type\":\"SearchAction\",\"target\":{\"@type\":\"EntryPoint\",\"urlTemplate\":\"https:\/\/yoopies.es\/c\/?s={search_term_string}\"},\"query-input\":{\"@type\":\"PropertyValueSpecification\",\"valueRequired\":true,\"valueName\":\"search_term_string\"}}],\"inLanguage\":\"es\"},{\"@type\":\"Organization\",\"@id\":\"https:\/\/yoopies.es\/c\/#organization\",\"name\":\"Yoopies Espa\u00f1a\",\"url\":\"https:\/\/yoopies.es\/c\/\",\"logo\":{\"@type\":\"ImageObject\",\"inLanguage\":\"es\",\"@id\":\"https:\/\/yoopies.es\/c\/#\/schema\/logo\/image\/\",\"url\":\"https:\/\/yoopies.es\/c\/wp-content\/uploads\/sites\/7\/2025\/05\/cropped-Logo_Yoopies-2.png\",\"contentUrl\":\"https:\/\/yoopies.es\/c\/wp-content\/uploads\/sites\/7\/2025\/05\/cropped-Logo_Yoopies-2.png\",\"width\":512,\"height\":512,\"caption\":\"Yoopies Espa\u00f1a\"},\"image\":{\"@id\":\"https:\/\/yoopies.es\/c\/#\/schema\/logo\/image\/\"}}]}<\/script>\n<!-- \/ Yoast SEO plugin. -->","yoast_head_json":{"title":"Gu\u00eda de los mejores trabajos a tiempo parcial","description":"\u00bfCu\u00e1les son los empleos m\u00e1s estimulantes a tiempo parcial o los trabajos en los que m\u00e1s se gana? Ni\u00f1era, profesor particular...\u00a1Descubre esta gu\u00eda que los resume y explica c\u00f3mo acceder a ellos!","robots":{"index":"index","follow":"follow","max-snippet":"max-snippet:-1","max-image-preview":"max-image-preview:large","max-video-preview":"max-video-preview:-1"},"canonical":"https:\/\/yoopies.es\/c\/para-candidatos\/busca-trabajo-temporal\/los-mejores-trabajos-a-tiempo-parcial\/","og_locale":"es_ES","og_type":"article","og_title":"Gu\u00eda de los mejores trabajos a tiempo parcial","og_description":"\u00bfCu\u00e1les son los empleos m\u00e1s estimulantes a tiempo parcial o los trabajos en los que m\u00e1s se gana? Ni\u00f1era, profesor particular...\u00a1Descubre esta gu\u00eda que los resume y explica c\u00f3mo acceder a ellos!","og_url":"https:\/\/yoopies.es\/c\/para-candidatos\/busca-trabajo-temporal\/los-mejores-trabajos-a-tiempo-parcial\/","og_site_name":"Yoopies Espa\u00f1a","article_modified_time":"2025-06-12T08:44:07+00:00","og_image":[{"width":6000,"height":4000,"url":"https:\/\/yoopies.es\/c\/wp-content\/uploads\/sites\/7\/2024\/04\/4e0883ad99be05db84d4656951f66fde997ea881-part-time-money-prismic.jpg","type":"image\/jpeg"}],"twitter_card":"summary_large_image","twitter_misc":{"Tiempo de lectura":"6 minutos"},"schema":{"@context":"https:\/\/schema.org","@graph":[{"@type":"WebPage","@id":"https:\/\/yoopies.es\/c\/para-candidatos\/busca-trabajo-temporal\/los-mejores-trabajos-a-tiempo-parcial\/","url":"https:\/\/yoopies.es\/c\/para-candidatos\/busca-trabajo-temporal\/los-mejores-trabajos-a-tiempo-parcial\/","name":"Gu\u00eda de los mejores trabajos a tiempo parcial","isPartOf":{"@id":"https:\/\/yoopies.es\/c\/#website"},"primaryImageOfPage":{"@id":"https:\/\/yoopies.es\/c\/para-candidatos\/busca-trabajo-temporal\/los-mejores-trabajos-a-tiempo-parcial\/#primaryimage"},"image":{"@id":"https:\/\/yoopies.es\/c\/para-candidatos\/busca-trabajo-temporal\/los-mejores-trabajos-a-tiempo-parcial\/#primaryimage"},"thumbnailUrl":"https:\/\/yoopies.es\/c\/wp-content\/uploads\/sites\/7\/2024\/04\/4e0883ad99be05db84d4656951f66fde997ea881-part-time-money-prismic.jpg","datePublished":"2024-04-02T13:37:25+00:00","dateModified":"2025-06-12T08:44:07+00:00","description":"\u00bfCu\u00e1les son los empleos m\u00e1s estimulantes a tiempo parcial o los trabajos en los que m\u00e1s se gana? Ni\u00f1era, profesor particular...\u00a1Descubre esta gu\u00eda que los resume y explica c\u00f3mo acceder a ellos!","breadcrumb":{"@id":"https:\/\/yoopies.es\/c\/para-candidatos\/busca-trabajo-temporal\/los-mejores-trabajos-a-tiempo-parcial\/#breadcrumb"},"inLanguage":"es","potentialAction":[{"@type":"ReadAction","target":["https:\/\/yoopies.es\/c\/para-candidatos\/busca-trabajo-temporal\/los-mejores-trabajos-a-tiempo-parcial\/"]}]},{"@type":"ImageObject","inLanguage":"es","@id":"https:\/\/yoopies.es\/c\/para-candidatos\/busca-trabajo-temporal\/los-mejores-trabajos-a-tiempo-parcial\/#primaryimage","url":"https:\/\/yoopies.es\/c\/wp-content\/uploads\/sites\/7\/2024\/04\/4e0883ad99be05db84d4656951f66fde997ea881-part-time-money-prismic.jpg","contentUrl":"https:\/\/yoopies.es\/c\/wp-content\/uploads\/sites\/7\/2024\/04\/4e0883ad99be05db84d4656951f66fde997ea881-part-time-money-prismic.jpg","width":6000,"height":4000},{"@type":"BreadcrumbList","@id":"https:\/\/yoopies.es\/c\/para-candidatos\/busca-trabajo-temporal\/los-mejores-trabajos-a-tiempo-parcial\/#breadcrumb","itemListElement":[{"@type":"ListItem","position":1,"name":"Home","item":"https:\/\/yoopies.es\/c\/"},{"@type":"ListItem","position":2,"name":"Para candidatos","item":"https:\/\/yoopies.es\/c\/para-candidatos\/"},{"@type":"ListItem","position":3,"name":"\u00bfBuscando trabajo temporal?","item":"https:\/\/yoopies.es\/c\/para-candidatos\/busca-trabajo-temporal\/"},{"@type":"ListItem","position":4,"name":"Gu\u00eda de los mejores trabajos a tiempo parcial"}]},{"@type":"WebSite","@id":"https:\/\/yoopies.es\/c\/#website","url":"https:\/\/yoopies.es\/c\/","name":"Yoopies Espa\u00f1a","description":"","publisher":{"@id":"https:\/\/yoopies.es\/c\/#organization"},"potentialAction":[{"@type":"SearchAction","target":{"@type":"EntryPoint","urlTemplate":"https:\/\/yoopies.es\/c\/?s={search_term_string}"},"query-input":{"@type":"PropertyValueSpecification","valueRequired":true,"valueName":"search_term_string"}}],"inLanguage":"es"},{"@type":"Organization","@id":"https:\/\/yoopies.es\/c\/#organization","name":"Yoopies Espa\u00f1a","url":"https:\/\/yoopies.es\/c\/","logo":{"@type":"ImageObject","inLanguage":"es","@id":"https:\/\/yoopies.es\/c\/#\/schema\/logo\/image\/","url":"https:\/\/yoopies.es\/c\/wp-content\/uploads\/sites\/7\/2025\/05\/cropped-Logo_Yoopies-2.png","contentUrl":"https:\/\/yoopies.es\/c\/wp-content\/uploads\/sites\/7\/2025\/05\/cropped-Logo_Yoopies-2.png","width":512,"height":512,"caption":"Yoopies Espa\u00f1a"},"image":{"@id":"https:\/\/yoopies.es\/c\/#\/schema\/logo\/image\/"}}]}},"_links":{"self":[{"href":"https:\/\/yoopies.es\/c\/wp-json\/wp\/v2\/pages\/408","targetHints":{"allow":["GET"]}}],"collection":[{"href":"https:\/\/yoopies.es\/c\/wp-json\/wp\/v2\/pages"}],"about":[{"href":"https:\/\/yoopies.es\/c\/wp-json\/wp\/v2\/types\/page"}],"author":[{"embeddable":true,"href":"https:\/\/yoopies.es\/c\/wp-json\/wp\/v2\/users\/10"}],"replies":[{"embeddable":true,"href":"https:\/\/yoopies.es\/c\/wp-json\/wp\/v2\/comments?post=408"}],"version-history":[{"count":1,"href":"https:\/\/yoopies.es\/c\/wp-json\/wp\/v2\/pages\/408\/revisions"}],"predecessor-version":[{"id":410,"href":"https:\/\/yoopies.es\/c\/wp-json\/wp\/v2\/pages\/408\/revisions\/410"}],"up":[{"embeddable":true,"href":"https:\/\/yoopies.es\/c\/wp-json\/wp\/v2\/pages\/344"}],"wp:featuredmedia":[{"embeddable":true,"href":"https:\/\/yoopies.es\/c\/wp-json\/wp\/v2\/media\/409"}],"wp:attachment":[{"href":"https:\/\/yoopies.es\/c\/wp-json\/wp\/v2\/media?parent=408"}],"curies":[{"name":"wp","href":"https:\/\/api.w.org\/{rel}","templated":true}]}}