{"id":22,"date":"2024-04-02T13:17:54","date_gmt":"2024-04-02T13:17:54","guid":{"rendered":"https:\/\/blog.yoopies.es\/guia-definitiva-cuidado-mascotas\/"},"modified":"2025-06-12T08:44:06","modified_gmt":"2025-06-12T08:44:06","slug":"guia-definitiva-cuidado-mascotas","status":"publish","type":"page","link":"https:\/\/yoopies.es\/c\/guia-definitiva-cuidado-mascotas\/","title":{"rendered":"La gu\u00eda definitiva del cuidado de mascotas"},"content":{"rendered":"<p><p class=\"block-img\"><img decoding=\"async\" src=\"https:\/\/yoopies.es\/c\/wp-content\/uploads\/sites\/7\/2024\/04\/4366c896-8932-4c1b-99de-2fbec00740a2_UKPRISMICARTICLESGRAPHICS28729.jpg\" alt=\"\"><\/p>\n<h2><strong>Contenido:<\/strong><\/h2>\n<ul>\n<li><a href=\"https:\/\/#h2-2\">&iquest;Qu&eacute; es un cuidador de mascotas?<\/a><\/li>\n<li><a href=\"https:\/\/#h2-3\">Encontrar a un cuidador de mascotas<\/a><\/li>\n<li><a href=\"https:\/\/#h2-4\">Precio medio de un cuidador de mascotas<\/a>\n<\/li>\n<\/ul>\n<p><strong>El cuidado de mascotas es una de las industrias de m&aacute;s r&aacute;pido crecimiento<\/strong> dentro del sector de los cuidados, ya que cada vez m&aacute;s personas suman amigos peludos a sus vidas. Aunque <strong>tener una mascota en tu vida es muy gratificante<\/strong>, no es un secreto que las mascotas necesitan ser cuidadas. Para aquellos que tienen una agenda muy apretada, horarios de trabajo imprevisibles, compromisos familiares o simplemente para cuando la vida se interpone, <strong>un cuidador de mascotas es la soluci&oacute;n perfecta para ayudarle a gestionar la vida con su mascota.<\/strong><\/p>\n<h2><strong>&iquest;Qu&eacute; es un cuidador de mascotas?<\/strong><\/h2>\n<\/p>\n<p>Cuando uno te haces cargo de un amigo peludo, las ventajas de tener una mascota son muchas, pero pronto se hace evidente que algunos animales requieren muchos cuidados. Es importante asegurarse de que, independientemente de tu propia agenda y de la agitada vida familiar, tu mascota est&eacute; lo mejor cuidada posible. <\/p>\n<p>Por ello, un cuidador de mascotas puede ser una gran soluci&oacute;n para ayudar a los ocupados propietarios de mascotas a gestionar sus vidas, ofreci&eacute;ndoles una ayuda para hacer ejercicio, alimentar y cuidar a su mascota cuando est&aacute;n ocupados o de viaje. Aunque los perros, en particular, son famosos por su incre&iacute;ble capacidad de adaptaci&oacute;n, los cuidadores de mascotas pueden ser una gran fuente de estabilidad en la vida de un animal. Disponer de una rutina adecuada y estable puede suponer una verdadera diferencia en el comportamiento de una mascota y, por tanto, hacer que su vida como propietario sea mucho m&aacute;s f&aacute;cil. <\/p>\n<p>La contrataci&oacute;n de un cuidador de mascotas puede ser a corto o largo plazo, de forma regular o s&oacute;lo mientras no est&aacute;s disponible temporalmente. Para saber todo lo que necesitas sobre los cuidadores de mascotas, lo que pueden hacer por ti y tu mascota y por qu&eacute; es una gran idea contratar a uno, consulta la gu&iacute;a definitiva sobre el cuidado de mascotas <a href=\"https:\/\/yoopies.es\/c\/guia-definitiva-cuidado-mascotas\">aqu&iacute;<\/a>.<\/p>\n<\/p>\n<h2><\/h2>\n<p class=\"block-img\"><img decoding=\"async\" src=\"https:\/\/yoopies.es\/c\/wp-content\/uploads\/sites\/7\/2024\/04\/c4486ae9-eb57-4869-9d05-6c5620e23f33_UKPRISMICARTICLESGRAPHICS28629.png\" alt=\"\"><\/p>\n<h2><strong>Encontrar a un cuidador de mascotas<\/strong><\/h2>\n<\/p>\n<p>Cuando se trata de encontrar un buen cuidador de mascotas, hay varias formas de llevar a cabo el proceso de selecci&oacute;n. Hay un gran n&uacute;mero de cuidadores de mascotas que ofrecen sus servicios individuales en l&iacute;nea a trav&eacute;s de plataformas de cuidado o que se anuncian en peri&oacute;dicos locales o en sitios web de empleo. Para un servicio m&aacute;s corporativo hay agencias que ofrecen servicios de cuidado de mascotas, pero pueden ser m&aacute;s caras que la media y no est&aacute;n al alcance de todos. <\/p>\n<p>Una vez que hayas encontrado a algunos posibles candidatos, es<strong> importante realizar entrevistas adecuadas y comprobaciones exhaustivas <\/strong>para asegurarte de que ha encontrado a alguien adecuado para ti y tu mascota. Para asegurarte de que <strong>compruebas adecuadamente los antecedentes, las referencias y las aptitudes del candidato<\/strong> a cuidador de mascotas, as&iacute; como para confirmar que interact&uacute;a bien con tu mascota, suele ser aconsejable ofrecer un turno de prueba antes de realizar una oferta de trabajo formal. <\/p>\n<p>Para saber todo sobre las diferentes formas de encontrar un cuidador de mascotas, incluyendo las <strong>ventajas y desventajas de cada m&eacute;todo<\/strong>, as&iacute; como la forma exacta de llevar a cabo el proceso de contrataci&oacute;n, consulta nuestra gu&iacute;a completa para encontrar un gran cuidador de mascotas <a href=\"https:\/\/yoopies.es\/c\/guia-definitiva-cuidado-mascotas\/que-es-cuidador-mascotas\">aqu&iacute;<\/a>.<\/p>\n<p class=\"block-img\"><img decoding=\"async\" src=\"https:\/\/yoopies.es\/c\/wp-content\/uploads\/sites\/7\/2024\/04\/3851b1d7-081b-4c81-a524-0a9fc096e4a9_UKPRISMICARTICLESGRAPHICS28829.jpg\" alt=\"\"><\/p>\n<h2><strong>Precio medio de un cuidador de mascotas<\/strong><\/h2>\n<\/p>\n<p>El coste medio del cuidado de mascotas var&iacute;a en funci&oacute;n de una serie de factores, como el lugar en el que vives, el tipo de mascota que tienes, los servicios que t&uacute; y tu mascota requer&iacute;s&#8230; Tener una mascota conlleva toda una serie de costes inesperados y el cuidado de mascotas habitual puede parecer un gasto a&ntilde;adido, aunque en realidad puede ser una soluci&oacute;n econ&oacute;micamente beneficiosa a largo plazo.<\/p>\n<p>En comparaci&oacute;n con las residencias caninas y los criaderos, si tiene que pasar la noche fuera de casa o durante un periodo prolongado, un cuidador de mascotas puede ofrecer soluciones mucho m&aacute;s asequibles. <\/p>\n<p>Si bien es cierto que los costes del cuidado de mascotas pueden variar ligeramente en funci&oacute;n del cuidador en cuesti&oacute;n, hemos elaborado una <a href=\"https:\/\/yoopies.es\/c\/guia-definitiva-cuidado-mascotas\/cuidado-de-mascotas-el-boom-continua\">lista de precios medios<\/a> para que sepas cu&aacute;nto debes pagar. Para asegurarte de que est&aacute;s recibiendo un buen trato por sus servicios, consulta nuestra <a href=\"https:\/\/yoopies.es\/c\/guia-definitiva-cuidado-mascotas\/cuidado-de-mascotas-el-boom-continua\">gu&iacute;a de costes medios del cuidado de mascotas<\/a>.<\/p>\n<\/p>\n<p><h2><strong>Vida con mascotas: consejos para la comunidad de Yoopies<\/strong><\/h2>\n<\/p>\n<p><a class=\"button\" href=\"https:\/\/yoopies.es\/cuidado-de-animales\">\u00a1Buscar cuidador de mascotas!<\/a><\/p>\n","protected":false},"excerpt":{"rendered":"<p>Contenido: &iquest;Qu&eacute; es un cuidador de mascotas? Encontrar a un cuidador de mascotas Precio medio &hellip; <\/p>\n","protected":false},"author":10,"featured_media":26,"parent":0,"menu_order":0,"comment_status":"closed","ping_status":"closed","template":"","meta":{"_acf_changed":false,"footnotes":""},"class_list":["post-22","page","type-page","status-publish","has-post-thumbnail","hentry"],"acf":[],"yoast_head":"<!-- This site is optimized with the Yoast SEO plugin v26.9 - https:\/\/yoast.com\/product\/yoast-seo-wordpress\/ -->\n<title>La gu\u00eda definitiva del cuidado de mascotas<\/title>\n<meta name=\"description\" content=\"El cuidado de mascotas es la industria que m\u00e1s crece en el sector de los cuidados, ya que cada vez m\u00e1s personas se convierten en propietarios de mascotas. Desde pasear al perro hasta dar de comer a los peces, un cuidador de mascotas es una opci\u00f3n asequible que ayuda a proporcionar estabilidad y seguridad tanto a ti como a tu mascota.\" \/>\n<meta name=\"robots\" content=\"index, follow, max-snippet:-1, max-image-preview:large, max-video-preview:-1\" \/>\n<link rel=\"canonical\" href=\"https:\/\/yoopies.es\/c\/guia-definitiva-cuidado-mascotas\/\" \/>\n<meta property=\"og:locale\" content=\"es_ES\" \/>\n<meta property=\"og:type\" content=\"article\" \/>\n<meta property=\"og:title\" content=\"La gu\u00eda definitiva del cuidado de mascotas\" \/>\n<meta property=\"og:description\" content=\"El cuidado de mascotas es la industria que m\u00e1s crece en el sector de los cuidados, ya que cada vez m\u00e1s personas se convierten en propietarios de mascotas. Desde pasear al perro hasta dar de comer a los peces, un cuidador de mascotas es una opci\u00f3n asequible que ayuda a proporcionar estabilidad y seguridad tanto a ti como a tu mascota.\" \/>\n<meta property=\"og:url\" content=\"https:\/\/yoopies.es\/c\/guia-definitiva-cuidado-mascotas\/\" \/>\n<meta property=\"og:site_name\" content=\"Yoopies Espa\u00f1a\" \/>\n<meta property=\"article:modified_time\" content=\"2025-06-12T08:44:06+00:00\" \/>\n<meta property=\"og:image\" content=\"https:\/\/yoopies.es\/c\/wp-content\/uploads\/sites\/7\/2024\/04\/4366c896-8932-4c1b-99de-2fbec00740a2-ukprismicarticlesgraphics28729.jpg\" \/>\n\t<meta property=\"og:image:width\" content=\"1200\" \/>\n\t<meta property=\"og:image:height\" content=\"852\" \/>\n\t<meta property=\"og:image:type\" content=\"image\/jpeg\" \/>\n<meta name=\"twitter:card\" content=\"summary_large_image\" \/>\n<meta name=\"twitter:label1\" content=\"Tiempo de lectura\" \/>\n\t<meta name=\"twitter:data1\" content=\"4 minutos\" \/>\n<script type=\"application\/ld+json\" class=\"yoast-schema-graph\">{\"@context\":\"https:\/\/schema.org\",\"@graph\":[{\"@type\":\"WebPage\",\"@id\":\"https:\/\/yoopies.es\/c\/guia-definitiva-cuidado-mascotas\/\",\"url\":\"https:\/\/yoopies.es\/c\/guia-definitiva-cuidado-mascotas\/\",\"name\":\"La gu\u00eda definitiva del cuidado de mascotas\",\"isPartOf\":{\"@id\":\"https:\/\/yoopies.es\/c\/#website\"},\"primaryImageOfPage\":{\"@id\":\"https:\/\/yoopies.es\/c\/guia-definitiva-cuidado-mascotas\/#primaryimage\"},\"image\":{\"@id\":\"https:\/\/yoopies.es\/c\/guia-definitiva-cuidado-mascotas\/#primaryimage\"},\"thumbnailUrl\":\"https:\/\/yoopies.es\/c\/wp-content\/uploads\/sites\/7\/2024\/04\/4366c896-8932-4c1b-99de-2fbec00740a2-ukprismicarticlesgraphics28729.jpg\",\"datePublished\":\"2024-04-02T13:17:54+00:00\",\"dateModified\":\"2025-06-12T08:44:06+00:00\",\"description\":\"El cuidado de mascotas es la industria que m\u00e1s crece en el sector de los cuidados, ya que cada vez m\u00e1s personas se convierten en propietarios de mascotas. Desde pasear al perro hasta dar de comer a los peces, un cuidador de mascotas es una opci\u00f3n asequible que ayuda a proporcionar estabilidad y seguridad tanto a ti como a tu mascota.\",\"breadcrumb\":{\"@id\":\"https:\/\/yoopies.es\/c\/guia-definitiva-cuidado-mascotas\/#breadcrumb\"},\"inLanguage\":\"es\",\"potentialAction\":[{\"@type\":\"ReadAction\",\"target\":[\"https:\/\/yoopies.es\/c\/guia-definitiva-cuidado-mascotas\/\"]}]},{\"@type\":\"ImageObject\",\"inLanguage\":\"es\",\"@id\":\"https:\/\/yoopies.es\/c\/guia-definitiva-cuidado-mascotas\/#primaryimage\",\"url\":\"https:\/\/yoopies.es\/c\/wp-content\/uploads\/sites\/7\/2024\/04\/4366c896-8932-4c1b-99de-2fbec00740a2-ukprismicarticlesgraphics28729.jpg\",\"contentUrl\":\"https:\/\/yoopies.es\/c\/wp-content\/uploads\/sites\/7\/2024\/04\/4366c896-8932-4c1b-99de-2fbec00740a2-ukprismicarticlesgraphics28729.jpg\",\"width\":1200,\"height\":852},{\"@type\":\"BreadcrumbList\",\"@id\":\"https:\/\/yoopies.es\/c\/guia-definitiva-cuidado-mascotas\/#breadcrumb\",\"itemListElement\":[{\"@type\":\"ListItem\",\"position\":1,\"name\":\"Home\",\"item\":\"https:\/\/yoopies.es\/c\/\"},{\"@type\":\"ListItem\",\"position\":2,\"name\":\"La gu\u00eda definitiva del cuidado de mascotas\"}]},{\"@type\":\"WebSite\",\"@id\":\"https:\/\/yoopies.es\/c\/#website\",\"url\":\"https:\/\/yoopies.es\/c\/\",\"name\":\"Yoopies Espa\u00f1a\",\"description\":\"\",\"publisher\":{\"@id\":\"https:\/\/yoopies.es\/c\/#organization\"},\"potentialAction\":[{\"@type\":\"SearchAction\",\"target\":{\"@type\":\"EntryPoint\",\"urlTemplate\":\"https:\/\/yoopies.es\/c\/?s={search_term_string}\"},\"query-input\":{\"@type\":\"PropertyValueSpecification\",\"valueRequired\":true,\"valueName\":\"search_term_string\"}}],\"inLanguage\":\"es\"},{\"@type\":\"Organization\",\"@id\":\"https:\/\/yoopies.es\/c\/#organization\",\"name\":\"Yoopies Espa\u00f1a\",\"url\":\"https:\/\/yoopies.es\/c\/\",\"logo\":{\"@type\":\"ImageObject\",\"inLanguage\":\"es\",\"@id\":\"https:\/\/yoopies.es\/c\/#\/schema\/logo\/image\/\",\"url\":\"https:\/\/yoopies.es\/c\/wp-content\/uploads\/sites\/7\/2025\/05\/cropped-Logo_Yoopies-2.png\",\"contentUrl\":\"https:\/\/yoopies.es\/c\/wp-content\/uploads\/sites\/7\/2025\/05\/cropped-Logo_Yoopies-2.png\",\"width\":512,\"height\":512,\"caption\":\"Yoopies Espa\u00f1a\"},\"image\":{\"@id\":\"https:\/\/yoopies.es\/c\/#\/schema\/logo\/image\/\"}}]}<\/script>\n<!-- \/ Yoast SEO plugin. -->","yoast_head_json":{"title":"La gu\u00eda definitiva del cuidado de mascotas","description":"El cuidado de mascotas es la industria que m\u00e1s crece en el sector de los cuidados, ya que cada vez m\u00e1s personas se convierten en propietarios de mascotas. Desde pasear al perro hasta dar de comer a los peces, un cuidador de mascotas es una opci\u00f3n asequible que ayuda a proporcionar estabilidad y seguridad tanto a ti como a tu mascota.","robots":{"index":"index","follow":"follow","max-snippet":"max-snippet:-1","max-image-preview":"max-image-preview:large","max-video-preview":"max-video-preview:-1"},"canonical":"https:\/\/yoopies.es\/c\/guia-definitiva-cuidado-mascotas\/","og_locale":"es_ES","og_type":"article","og_title":"La gu\u00eda definitiva del cuidado de mascotas","og_description":"El cuidado de mascotas es la industria que m\u00e1s crece en el sector de los cuidados, ya que cada vez m\u00e1s personas se convierten en propietarios de mascotas. Desde pasear al perro hasta dar de comer a los peces, un cuidador de mascotas es una opci\u00f3n asequible que ayuda a proporcionar estabilidad y seguridad tanto a ti como a tu mascota.","og_url":"https:\/\/yoopies.es\/c\/guia-definitiva-cuidado-mascotas\/","og_site_name":"Yoopies Espa\u00f1a","article_modified_time":"2025-06-12T08:44:06+00:00","og_image":[{"width":1200,"height":852,"url":"https:\/\/yoopies.es\/c\/wp-content\/uploads\/sites\/7\/2024\/04\/4366c896-8932-4c1b-99de-2fbec00740a2-ukprismicarticlesgraphics28729.jpg","type":"image\/jpeg"}],"twitter_card":"summary_large_image","twitter_misc":{"Tiempo de lectura":"4 minutos"},"schema":{"@context":"https:\/\/schema.org","@graph":[{"@type":"WebPage","@id":"https:\/\/yoopies.es\/c\/guia-definitiva-cuidado-mascotas\/","url":"https:\/\/yoopies.es\/c\/guia-definitiva-cuidado-mascotas\/","name":"La gu\u00eda definitiva del cuidado de mascotas","isPartOf":{"@id":"https:\/\/yoopies.es\/c\/#website"},"primaryImageOfPage":{"@id":"https:\/\/yoopies.es\/c\/guia-definitiva-cuidado-mascotas\/#primaryimage"},"image":{"@id":"https:\/\/yoopies.es\/c\/guia-definitiva-cuidado-mascotas\/#primaryimage"},"thumbnailUrl":"https:\/\/yoopies.es\/c\/wp-content\/uploads\/sites\/7\/2024\/04\/4366c896-8932-4c1b-99de-2fbec00740a2-ukprismicarticlesgraphics28729.jpg","datePublished":"2024-04-02T13:17:54+00:00","dateModified":"2025-06-12T08:44:06+00:00","description":"El cuidado de mascotas es la industria que m\u00e1s crece en el sector de los cuidados, ya que cada vez m\u00e1s personas se convierten en propietarios de mascotas. Desde pasear al perro hasta dar de comer a los peces, un cuidador de mascotas es una opci\u00f3n asequible que ayuda a proporcionar estabilidad y seguridad tanto a ti como a tu mascota.","breadcrumb":{"@id":"https:\/\/yoopies.es\/c\/guia-definitiva-cuidado-mascotas\/#breadcrumb"},"inLanguage":"es","potentialAction":[{"@type":"ReadAction","target":["https:\/\/yoopies.es\/c\/guia-definitiva-cuidado-mascotas\/"]}]},{"@type":"ImageObject","inLanguage":"es","@id":"https:\/\/yoopies.es\/c\/guia-definitiva-cuidado-mascotas\/#primaryimage","url":"https:\/\/yoopies.es\/c\/wp-content\/uploads\/sites\/7\/2024\/04\/4366c896-8932-4c1b-99de-2fbec00740a2-ukprismicarticlesgraphics28729.jpg","contentUrl":"https:\/\/yoopies.es\/c\/wp-content\/uploads\/sites\/7\/2024\/04\/4366c896-8932-4c1b-99de-2fbec00740a2-ukprismicarticlesgraphics28729.jpg","width":1200,"height":852},{"@type":"BreadcrumbList","@id":"https:\/\/yoopies.es\/c\/guia-definitiva-cuidado-mascotas\/#breadcrumb","itemListElement":[{"@type":"ListItem","position":1,"name":"Home","item":"https:\/\/yoopies.es\/c\/"},{"@type":"ListItem","position":2,"name":"La gu\u00eda definitiva del cuidado de mascotas"}]},{"@type":"WebSite","@id":"https:\/\/yoopies.es\/c\/#website","url":"https:\/\/yoopies.es\/c\/","name":"Yoopies Espa\u00f1a","description":"","publisher":{"@id":"https:\/\/yoopies.es\/c\/#organization"},"potentialAction":[{"@type":"SearchAction","target":{"@type":"EntryPoint","urlTemplate":"https:\/\/yoopies.es\/c\/?s={search_term_string}"},"query-input":{"@type":"PropertyValueSpecification","valueRequired":true,"valueName":"search_term_string"}}],"inLanguage":"es"},{"@type":"Organization","@id":"https:\/\/yoopies.es\/c\/#organization","name":"Yoopies Espa\u00f1a","url":"https:\/\/yoopies.es\/c\/","logo":{"@type":"ImageObject","inLanguage":"es","@id":"https:\/\/yoopies.es\/c\/#\/schema\/logo\/image\/","url":"https:\/\/yoopies.es\/c\/wp-content\/uploads\/sites\/7\/2025\/05\/cropped-Logo_Yoopies-2.png","contentUrl":"https:\/\/yoopies.es\/c\/wp-content\/uploads\/sites\/7\/2025\/05\/cropped-Logo_Yoopies-2.png","width":512,"height":512,"caption":"Yoopies Espa\u00f1a"},"image":{"@id":"https:\/\/yoopies.es\/c\/#\/schema\/logo\/image\/"}}]}},"_links":{"self":[{"href":"https:\/\/yoopies.es\/c\/wp-json\/wp\/v2\/pages\/22","targetHints":{"allow":["GET"]}}],"collection":[{"href":"https:\/\/yoopies.es\/c\/wp-json\/wp\/v2\/pages"}],"about":[{"href":"https:\/\/yoopies.es\/c\/wp-json\/wp\/v2\/types\/page"}],"author":[{"embeddable":true,"href":"https:\/\/yoopies.es\/c\/wp-json\/wp\/v2\/users\/10"}],"replies":[{"embeddable":true,"href":"https:\/\/yoopies.es\/c\/wp-json\/wp\/v2\/comments?post=22"}],"version-history":[{"count":1,"href":"https:\/\/yoopies.es\/c\/wp-json\/wp\/v2\/pages\/22\/revisions"}],"predecessor-version":[{"id":27,"href":"https:\/\/yoopies.es\/c\/wp-json\/wp\/v2\/pages\/22\/revisions\/27"}],"wp:featuredmedia":[{"embeddable":true,"href":"https:\/\/yoopies.es\/c\/wp-json\/wp\/v2\/media\/26"}],"wp:attachment":[{"href":"https:\/\/yoopies.es\/c\/wp-json\/wp\/v2\/media?parent=22"}],"curies":[{"name":"wp","href":"https:\/\/api.w.org\/{rel}","templated":true}]}}