{"id":177,"date":"2024-04-02T12:51:36","date_gmt":"2024-04-02T12:51:36","guid":{"rendered":"https:\/\/blog.yoopies.es\/guia-definitiva-cuidado-ninos\/contrato-canguro\/"},"modified":"2025-06-12T08:44:06","modified_gmt":"2025-06-12T08:44:06","slug":"contrato-canguro","status":"publish","type":"page","link":"https:\/\/yoopies.es\/c\/guia-definitiva-cuidado-ninos\/contrato-canguro\/","title":{"rendered":"El contrato de tu canguro"},"content":{"rendered":"<p><p>Mientras que todos esperamos que una Mary Poppins m&aacute;gicamente aterrice en nuestras vidas, la realidad es que contratar a un\/a canguro lleva algo de papeleo. No te preocupes, porque no hay que ser abogado para acordar el horario, las responsabilidades y el salario. En esta gu&iacute;a, te dejamos los elementos b&aacute;sicos que debe incluir cualquier contrato y que te quede como si hubieras sacado matr&iacute;cula de honor en Derecho Civil.<\/p>\n<p class=\"block-img\"><img decoding=\"async\" src=\"https:\/\/yoopies.es\/c\/wp-content\/uploads\/sites\/7\/2024\/04\/cc67a8ad-e2d2-47e8-8f0f-3a5259c7510f_shutterstock_393893716_LD.jpg\" alt=\"boy on woman's shoulders \"><\/p>\n<\/p>\n<p><h2>&iquest;Por qu&eacute; es importante firmar un contrato con tu canguro?<\/h2>\n<p>El contrato con tu canguro define las expectativas e informaci&oacute;n esencial que ambas partes han acordado. De esta forma, las responsabilidades quedan claras y, en caso de conflicto, hay un documento que refleja qui&eacute;n lleva la raz&oacute;n.<\/p>\n<p>Aunque, a priori, pueda parecer que el contrato es m&aacute;s restrictivo que un mero acuerdo verbal&hellip; &iexcl;para nada es as&iacute;! Tener claro qu&eacute; funciones tiene encomendadas el\/la canguro asegurar&aacute; que &eacute;l\/ella se sientan m&aacute;s c&oacute;modos trabajando, sabiendo que no hacen de m&aacute;s o de menos.  <\/p>\n<\/p>\n<p><h2>Y, &iquest;qui&eacute;n redacta el contrato?<\/h2>\n<p>Afortunadamente, nuestro ordenamiento jur&iacute;dico da cierta libertad a la hora de redactar un contrato. Para muestra, cuando Messi firm&oacute; su renovaci&oacute;n en una servilleta. Obviamente, siempre debe contener los elementos esenciales: consentimiento, objeto y causa. Es importante, adem&aacute;s, que quede bien clara la duraci&oacute;n de la relaci&oacute;n contractual.<\/p>\n<p>Por tanto, si te sientes preparado siguiendo nuestras indicaciones, t&uacute; mismo puedes ser el autor del contrato. Sin embargo, si tienes la posibilidad de que alg&uacute;n experto pueda revisarlo, te recomendamos que lo hagas.<\/p>\n<\/p>\n<p><h2>Contenido del contrato de tu canguro<\/h2>\n<p>Ahora, iremos al grano y te contaremos cu&aacute;les son los elementos que deben estar reflejados en el contrato de tu canguro:<\/p>\n<ul>\n<li>Informaci&oacute;n esencial de ambas partes.<\/li>\n<li>Comienzo y finalizaci&oacute;n del contrato.<\/li>\n<li>N&uacute;mero de horas de trabajo y horario.<\/li>\n<li>Responsabilidades del\/la canguro: tareas, obligaciones, expectativas&#8230;<\/li>\n<li>Vacaciones.<\/li>\n<li>Pago: tarifa por horas, momento y medio de pago.<\/li>\n<li>Pagos extra: por echar m&aacute;s horas, por gastos de transporte, por nocturnidad&hellip;<\/li>\n<li>Qu&eacute; pasa en caso de que el\/la canguro enferme.<\/li>\n<li>Declaraci&oacute;n de impuestos y Seguridad Social.<\/li>\n<li>Preaviso por terminaci&oacute;n del contrato antes de lo acordado.<\/li>\n<li>Seguridad: pol&iacute;tica de privacidad en redes sociales en tu casa, reglas b&aacute;sicas de seguridad.<\/li>\n<li>Pol&iacute;tica disciplinaria: conceptos por los que se puede sancionar y especificaci&oacute;n de la sanci&oacute;n en cuesti&oacute;n.<\/li>\n<\/ul>\n","protected":false},"excerpt":{"rendered":"<p>Mientras que todos esperamos que una Mary Poppins m&aacute;gicamente aterrice en nuestras vidas, la realidad &hellip; <\/p>\n","protected":false},"author":10,"featured_media":179,"parent":28,"menu_order":0,"comment_status":"closed","ping_status":"closed","template":"","meta":{"_acf_changed":false,"footnotes":""},"class_list":["post-177","page","type-page","status-publish","has-post-thumbnail","hentry"],"acf":[],"yoast_head":"<!-- This site is optimized with the Yoast SEO plugin v26.9 - https:\/\/yoast.com\/product\/yoast-seo-wordpress\/ -->\n<title>El contrato de tu canguro<\/title>\n<meta name=\"description\" content=\"Encuentra aqu\u00ed todo lo que debes saber sobre el contrato de tu canguro: c\u00f3mo redactarlo, qu\u00e9 incluir, pago de vacaciones...\" \/>\n<meta name=\"robots\" content=\"index, follow, max-snippet:-1, max-image-preview:large, max-video-preview:-1\" \/>\n<link rel=\"canonical\" href=\"https:\/\/yoopies.es\/c\/guia-definitiva-cuidado-ninos\/contrato-canguro\/\" \/>\n<meta property=\"og:locale\" content=\"es_ES\" \/>\n<meta property=\"og:type\" content=\"article\" \/>\n<meta property=\"og:title\" content=\"El contrato de tu canguro\" \/>\n<meta property=\"og:description\" content=\"Encuentra aqu\u00ed todo lo que debes saber sobre el contrato de tu canguro: c\u00f3mo redactarlo, qu\u00e9 incluir, pago de vacaciones...\" \/>\n<meta property=\"og:url\" content=\"https:\/\/yoopies.es\/c\/guia-definitiva-cuidado-ninos\/contrato-canguro\/\" \/>\n<meta property=\"og:site_name\" content=\"Yoopies Espa\u00f1a\" \/>\n<meta property=\"article:modified_time\" content=\"2025-06-12T08:44:06+00:00\" \/>\n<meta property=\"og:image\" content=\"https:\/\/yoopies.es\/c\/wp-content\/uploads\/sites\/7\/2024\/04\/d07d688f-0985-424d-ae11-20c3a1cbd57e-shutterstock-272956238.jpg\" \/>\n\t<meta property=\"og:image:width\" content=\"1200\" \/>\n\t<meta property=\"og:image:height\" content=\"800\" \/>\n\t<meta property=\"og:image:type\" content=\"image\/jpeg\" \/>\n<meta name=\"twitter:card\" content=\"summary_large_image\" \/>\n<meta name=\"twitter:label1\" content=\"Tiempo de lectura\" \/>\n\t<meta name=\"twitter:data1\" content=\"2 minutos\" \/>\n<script type=\"application\/ld+json\" class=\"yoast-schema-graph\">{\"@context\":\"https:\/\/schema.org\",\"@graph\":[{\"@type\":\"WebPage\",\"@id\":\"https:\/\/yoopies.es\/c\/guia-definitiva-cuidado-ninos\/contrato-canguro\/\",\"url\":\"https:\/\/yoopies.es\/c\/guia-definitiva-cuidado-ninos\/contrato-canguro\/\",\"name\":\"El contrato de tu canguro\",\"isPartOf\":{\"@id\":\"https:\/\/yoopies.es\/c\/#website\"},\"primaryImageOfPage\":{\"@id\":\"https:\/\/yoopies.es\/c\/guia-definitiva-cuidado-ninos\/contrato-canguro\/#primaryimage\"},\"image\":{\"@id\":\"https:\/\/yoopies.es\/c\/guia-definitiva-cuidado-ninos\/contrato-canguro\/#primaryimage\"},\"thumbnailUrl\":\"https:\/\/yoopies.es\/c\/wp-content\/uploads\/sites\/7\/2024\/04\/d07d688f-0985-424d-ae11-20c3a1cbd57e-shutterstock-272956238.jpg\",\"datePublished\":\"2024-04-02T12:51:36+00:00\",\"dateModified\":\"2025-06-12T08:44:06+00:00\",\"description\":\"Encuentra aqu\u00ed todo lo que debes saber sobre el contrato de tu canguro: c\u00f3mo redactarlo, qu\u00e9 incluir, pago de vacaciones...\",\"breadcrumb\":{\"@id\":\"https:\/\/yoopies.es\/c\/guia-definitiva-cuidado-ninos\/contrato-canguro\/#breadcrumb\"},\"inLanguage\":\"es\",\"potentialAction\":[{\"@type\":\"ReadAction\",\"target\":[\"https:\/\/yoopies.es\/c\/guia-definitiva-cuidado-ninos\/contrato-canguro\/\"]}]},{\"@type\":\"ImageObject\",\"inLanguage\":\"es\",\"@id\":\"https:\/\/yoopies.es\/c\/guia-definitiva-cuidado-ninos\/contrato-canguro\/#primaryimage\",\"url\":\"https:\/\/yoopies.es\/c\/wp-content\/uploads\/sites\/7\/2024\/04\/d07d688f-0985-424d-ae11-20c3a1cbd57e-shutterstock-272956238.jpg\",\"contentUrl\":\"https:\/\/yoopies.es\/c\/wp-content\/uploads\/sites\/7\/2024\/04\/d07d688f-0985-424d-ae11-20c3a1cbd57e-shutterstock-272956238.jpg\",\"width\":1200,\"height\":800},{\"@type\":\"BreadcrumbList\",\"@id\":\"https:\/\/yoopies.es\/c\/guia-definitiva-cuidado-ninos\/contrato-canguro\/#breadcrumb\",\"itemListElement\":[{\"@type\":\"ListItem\",\"position\":1,\"name\":\"Home\",\"item\":\"https:\/\/yoopies.es\/c\/\"},{\"@type\":\"ListItem\",\"position\":2,\"name\":\"La gu\u00eda definitiva del cuidado de ni\u00f1os\",\"item\":\"https:\/\/yoopies.es\/c\/guia-definitiva-cuidado-ninos\/\"},{\"@type\":\"ListItem\",\"position\":3,\"name\":\"El contrato de tu canguro\"}]},{\"@type\":\"WebSite\",\"@id\":\"https:\/\/yoopies.es\/c\/#website\",\"url\":\"https:\/\/yoopies.es\/c\/\",\"name\":\"Yoopies Espa\u00f1a\",\"description\":\"\",\"publisher\":{\"@id\":\"https:\/\/yoopies.es\/c\/#organization\"},\"potentialAction\":[{\"@type\":\"SearchAction\",\"target\":{\"@type\":\"EntryPoint\",\"urlTemplate\":\"https:\/\/yoopies.es\/c\/?s={search_term_string}\"},\"query-input\":{\"@type\":\"PropertyValueSpecification\",\"valueRequired\":true,\"valueName\":\"search_term_string\"}}],\"inLanguage\":\"es\"},{\"@type\":\"Organization\",\"@id\":\"https:\/\/yoopies.es\/c\/#organization\",\"name\":\"Yoopies Espa\u00f1a\",\"url\":\"https:\/\/yoopies.es\/c\/\",\"logo\":{\"@type\":\"ImageObject\",\"inLanguage\":\"es\",\"@id\":\"https:\/\/yoopies.es\/c\/#\/schema\/logo\/image\/\",\"url\":\"https:\/\/yoopies.es\/c\/wp-content\/uploads\/sites\/7\/2025\/05\/cropped-Logo_Yoopies-2.png\",\"contentUrl\":\"https:\/\/yoopies.es\/c\/wp-content\/uploads\/sites\/7\/2025\/05\/cropped-Logo_Yoopies-2.png\",\"width\":512,\"height\":512,\"caption\":\"Yoopies Espa\u00f1a\"},\"image\":{\"@id\":\"https:\/\/yoopies.es\/c\/#\/schema\/logo\/image\/\"}}]}<\/script>\n<!-- \/ Yoast SEO plugin. -->","yoast_head_json":{"title":"El contrato de tu canguro","description":"Encuentra aqu\u00ed todo lo que debes saber sobre el contrato de tu canguro: c\u00f3mo redactarlo, qu\u00e9 incluir, pago de vacaciones...","robots":{"index":"index","follow":"follow","max-snippet":"max-snippet:-1","max-image-preview":"max-image-preview:large","max-video-preview":"max-video-preview:-1"},"canonical":"https:\/\/yoopies.es\/c\/guia-definitiva-cuidado-ninos\/contrato-canguro\/","og_locale":"es_ES","og_type":"article","og_title":"El contrato de tu canguro","og_description":"Encuentra aqu\u00ed todo lo que debes saber sobre el contrato de tu canguro: c\u00f3mo redactarlo, qu\u00e9 incluir, pago de vacaciones...","og_url":"https:\/\/yoopies.es\/c\/guia-definitiva-cuidado-ninos\/contrato-canguro\/","og_site_name":"Yoopies Espa\u00f1a","article_modified_time":"2025-06-12T08:44:06+00:00","og_image":[{"width":1200,"height":800,"url":"https:\/\/yoopies.es\/c\/wp-content\/uploads\/sites\/7\/2024\/04\/d07d688f-0985-424d-ae11-20c3a1cbd57e-shutterstock-272956238.jpg","type":"image\/jpeg"}],"twitter_card":"summary_large_image","twitter_misc":{"Tiempo de lectura":"2 minutos"},"schema":{"@context":"https:\/\/schema.org","@graph":[{"@type":"WebPage","@id":"https:\/\/yoopies.es\/c\/guia-definitiva-cuidado-ninos\/contrato-canguro\/","url":"https:\/\/yoopies.es\/c\/guia-definitiva-cuidado-ninos\/contrato-canguro\/","name":"El contrato de tu canguro","isPartOf":{"@id":"https:\/\/yoopies.es\/c\/#website"},"primaryImageOfPage":{"@id":"https:\/\/yoopies.es\/c\/guia-definitiva-cuidado-ninos\/contrato-canguro\/#primaryimage"},"image":{"@id":"https:\/\/yoopies.es\/c\/guia-definitiva-cuidado-ninos\/contrato-canguro\/#primaryimage"},"thumbnailUrl":"https:\/\/yoopies.es\/c\/wp-content\/uploads\/sites\/7\/2024\/04\/d07d688f-0985-424d-ae11-20c3a1cbd57e-shutterstock-272956238.jpg","datePublished":"2024-04-02T12:51:36+00:00","dateModified":"2025-06-12T08:44:06+00:00","description":"Encuentra aqu\u00ed todo lo que debes saber sobre el contrato de tu canguro: c\u00f3mo redactarlo, qu\u00e9 incluir, pago de vacaciones...","breadcrumb":{"@id":"https:\/\/yoopies.es\/c\/guia-definitiva-cuidado-ninos\/contrato-canguro\/#breadcrumb"},"inLanguage":"es","potentialAction":[{"@type":"ReadAction","target":["https:\/\/yoopies.es\/c\/guia-definitiva-cuidado-ninos\/contrato-canguro\/"]}]},{"@type":"ImageObject","inLanguage":"es","@id":"https:\/\/yoopies.es\/c\/guia-definitiva-cuidado-ninos\/contrato-canguro\/#primaryimage","url":"https:\/\/yoopies.es\/c\/wp-content\/uploads\/sites\/7\/2024\/04\/d07d688f-0985-424d-ae11-20c3a1cbd57e-shutterstock-272956238.jpg","contentUrl":"https:\/\/yoopies.es\/c\/wp-content\/uploads\/sites\/7\/2024\/04\/d07d688f-0985-424d-ae11-20c3a1cbd57e-shutterstock-272956238.jpg","width":1200,"height":800},{"@type":"BreadcrumbList","@id":"https:\/\/yoopies.es\/c\/guia-definitiva-cuidado-ninos\/contrato-canguro\/#breadcrumb","itemListElement":[{"@type":"ListItem","position":1,"name":"Home","item":"https:\/\/yoopies.es\/c\/"},{"@type":"ListItem","position":2,"name":"La gu\u00eda definitiva del cuidado de ni\u00f1os","item":"https:\/\/yoopies.es\/c\/guia-definitiva-cuidado-ninos\/"},{"@type":"ListItem","position":3,"name":"El contrato de tu canguro"}]},{"@type":"WebSite","@id":"https:\/\/yoopies.es\/c\/#website","url":"https:\/\/yoopies.es\/c\/","name":"Yoopies Espa\u00f1a","description":"","publisher":{"@id":"https:\/\/yoopies.es\/c\/#organization"},"potentialAction":[{"@type":"SearchAction","target":{"@type":"EntryPoint","urlTemplate":"https:\/\/yoopies.es\/c\/?s={search_term_string}"},"query-input":{"@type":"PropertyValueSpecification","valueRequired":true,"valueName":"search_term_string"}}],"inLanguage":"es"},{"@type":"Organization","@id":"https:\/\/yoopies.es\/c\/#organization","name":"Yoopies Espa\u00f1a","url":"https:\/\/yoopies.es\/c\/","logo":{"@type":"ImageObject","inLanguage":"es","@id":"https:\/\/yoopies.es\/c\/#\/schema\/logo\/image\/","url":"https:\/\/yoopies.es\/c\/wp-content\/uploads\/sites\/7\/2025\/05\/cropped-Logo_Yoopies-2.png","contentUrl":"https:\/\/yoopies.es\/c\/wp-content\/uploads\/sites\/7\/2025\/05\/cropped-Logo_Yoopies-2.png","width":512,"height":512,"caption":"Yoopies Espa\u00f1a"},"image":{"@id":"https:\/\/yoopies.es\/c\/#\/schema\/logo\/image\/"}}]}},"_links":{"self":[{"href":"https:\/\/yoopies.es\/c\/wp-json\/wp\/v2\/pages\/177","targetHints":{"allow":["GET"]}}],"collection":[{"href":"https:\/\/yoopies.es\/c\/wp-json\/wp\/v2\/pages"}],"about":[{"href":"https:\/\/yoopies.es\/c\/wp-json\/wp\/v2\/types\/page"}],"author":[{"embeddable":true,"href":"https:\/\/yoopies.es\/c\/wp-json\/wp\/v2\/users\/10"}],"replies":[{"embeddable":true,"href":"https:\/\/yoopies.es\/c\/wp-json\/wp\/v2\/comments?post=177"}],"version-history":[{"count":1,"href":"https:\/\/yoopies.es\/c\/wp-json\/wp\/v2\/pages\/177\/revisions"}],"predecessor-version":[{"id":180,"href":"https:\/\/yoopies.es\/c\/wp-json\/wp\/v2\/pages\/177\/revisions\/180"}],"up":[{"embeddable":true,"href":"https:\/\/yoopies.es\/c\/wp-json\/wp\/v2\/pages\/28"}],"wp:featuredmedia":[{"embeddable":true,"href":"https:\/\/yoopies.es\/c\/wp-json\/wp\/v2\/media\/179"}],"wp:attachment":[{"href":"https:\/\/yoopies.es\/c\/wp-json\/wp\/v2\/media?parent=177"}],"curies":[{"name":"wp","href":"https:\/\/api.w.org\/{rel}","templated":true}]}}