{"id":167,"date":"2024-04-02T13:28:56","date_gmt":"2024-04-02T13:28:56","guid":{"rendered":"https:\/\/blog.yoopies.es\/guia-definitiva-cuidado-ninos\/que-haran-los-ninos-este-verano\/"},"modified":"2025-06-12T08:44:06","modified_gmt":"2025-06-12T08:44:06","slug":"que-haran-los-ninos-este-verano","status":"publish","type":"page","link":"https:\/\/yoopies.es\/c\/guia-definitiva-cuidado-ninos\/que-haran-los-ninos-este-verano\/","title":{"rendered":"\u00bfQu\u00e9 har\u00e1n los ni\u00f1os este verano? Entre vacaciones, campamentos de verano y ni\u00f1eras\u00a0\u00a0"},"content":{"rendered":"<p class=\"highlighted\">\n<p>Con motivo de la progresiva vuelta a la normalidad en nuestras vidas tras la pandemia global del Covid-19, numerosas familias se encuentran con grandes problemas de conciliaci&oacute;n laboral y familiar, tanto aquellas en las que los padres teletrabajan como en las que deben volver a sus puestos de trabajo fuera de casa. A ello se une la cercan&iacute;a de las vacaciones de verano para los ni&ntilde;os, lo que genera numerosas dudas sobre las posibilidades que tendr&aacute;n las familias para que sus hijos puedan pasar un tiempo de ocio y aprendizaje a trav&eacute;s de opciones como los campamentos de verano. Yoopies, la plataforma internacional de oferta y demanda de servicios a la persona, ha preguntado a su comunidad de padres c&oacute;mo afrontan la situaci&oacute;n para conocer las necesidades reales de las familias y las dudas existentes para ayudar a solventarlas.&nbsp;<\/p>\n<\/p>\n<p><h4><strong>Una dif&iacute;cil conciliaci&oacute;n familiar para este verano<\/strong><\/h4>\n<p>Los datos arrojados por el estudio de <a href=\"https:\/\/yoopies.es\/\">Yoopies<\/a> muestran que, en lo que llevamos de verano, el 47% de los padres han retomado su trabajo fuera de casa, aunque el 29% contin&uacute;a qued&aacute;ndose en casa teletrabajando y cuidando de sus hijos, dado que muchas empresas han decidido postergar la vuelta para adaptar y acondicionar los espacios de trabajo. Solo en el 23% de los casos la situaci&oacute;n de los hogares es de interrupci&oacute;n laboral (por un ERTE, paro o vacaciones de verano). Adem&aacute;s, ante la posibilidad de poder viajar y moverse a otras provincias en los pr&oacute;ximos meses, se consult&oacute; a los padres si pensaban irse de vacaciones con sus hijos. Un amplio 47% se&ntilde;al&oacute; que lo har&aacute;n por un tiempo limitado, por ejemplo, unos d&iacute;as o pocas semanas a una segunda residencia en la playa o sierra. En ning&uacute;n caso creen que viajar&aacute;n durante un largo periodo de tiempo y numerosas familias se muestran preocupadas, indicando que se quedar&aacute;n en casa para evitar riesgos de contagio (35%) o en menor medida por motivos de trabajo (17%). Algunos de los inconvenientes expuestos fueron los siguientes:<\/p>\n<\/p>\n<p><em>&ldquo;Como familia monoparental no puedo dejar de trabajar, asimismo esta pandemia est&aacute; reciente, prefiero no arriesgar la salud de mi hijo.&rdquo;<\/em><\/p>\n<p><em>&ldquo;Simplemente este a&ntilde;o preferimos disfrutarlo en casa, la situaci&oacute;n no es demasiado clara todav&iacute;a y c&oacute;mo vivimos en el campo, lo pasaremos aqu&iacute; tranquilamente en caso de trabajar y que no haya cole&rdquo;.<\/em><\/p>\n<p><em>&ldquo;No me siento segura desplaz&aacute;ndome a lugares y haciendo uso de zonas comunes donde ha pasado mucha gente&rdquo;.<\/em><\/p>\n<p><em>&ldquo;Tengo un bebe de 6 meses y me da miedo exponerlo a &eacute;l y a su hermana de 4 a&ntilde;os, ya iremos el a&ntilde;o que viene de vacaciones&rdquo;.<\/em><\/p>\n<\/p>\n<h4><strong>Los ni&ntilde;os vuelven a ver a sus amigos, &iquest;c&oacute;mo llevan esta situaci&oacute;n los padres?<\/strong><\/h4>\n<p>Al preguntar a las familias por la situaci&oacute;n de sus hijos en las fases de la desescalada, el 41% indica que han comenzado a quedar con sus amigos de manera habitual, si bien al inicio los padres ten&iacute;an reticencias. No obstante, un considerable 58% se&ntilde;alaba que a&uacute;n no lo han hecho, pues muchos padres siguen preocupados por los efectos de la pandemia y llevan un control muy exhaustivo de las posibles visitas a casas de amigos, fomentando que puedan verse en entornos al aire libre. Respecto a c&oacute;mo viven esta situaci&oacute;n, estas son algunas de sus respuestas:<\/p>\n<\/p>\n<p><em>&ldquo;Mascarillas y lavado de manos, imposible 2 metros de distancia&rdquo;.<\/em><\/p>\n<p><em>&ldquo;Ocasionalmente, al aire libre y con mascarillas&rdquo;.<\/em><\/p>\n<p><em>&ldquo;Queda con un vecino de mucha confianza que s&eacute; en qu&eacute; condiciones ha pasado la cuarentena&rdquo;.<\/em><\/p>\n<p><em>&ldquo;Evitamos contactos con otros adultos y ni&ntilde;os. Pero con su amigo es imposible mantener 0 contacto&rdquo;.<\/em><\/p>\n<\/p>\n<h4><strong>Campamentos de verano durante y tras la desescalada, &iquest;una opci&oacute;n viable?<\/strong><\/h4>\n<p>Ante las pr&oacute;ximas semanas de desescalada, que permitir&aacute;n la movilidad y la posibilidad de viajar, numerosos municipios permitir&aacute;n la reapertura de los campamentos de verano con medidas de seguridad e higiene. Despu&eacute;s de tantas semanas en casa, es indudable el deseo de que los ni&ntilde;os est&eacute;n al aire libre, se encuentren con sus amigos para jugar y socializar y se alejen de la ciudad, pero tambi&eacute;n la necesidad de encontrar una soluci&oacute;n de cuidado infantil cuando los padres deben seguir trabajando.&nbsp;<\/p>\n<p>Cuando se consulta a los padres sobre la posibilidad de que sus hijos acudan a un campamento, las opiniones est&aacute;n muy divididas.&nbsp; Si bien un alto porcentaje concluye que no lo har&aacute;n, pues tienen a&uacute;n miedo al contagio (47%) o cree que los ni&ntilde;os no disfrutar&iacute;an de las actividades debido a las muchas limitaciones impuestas por las medidas de seguridad (23%). Un reducido grupo de padres (11%) considera que s&iacute; es viable, mientras que el 17% est&aacute;n indecisos. Del mismo modo, en caso de que sus hijos fueran a campamentos de verano este a&ntilde;o, se les consult&oacute; por su valoraci&oacute;n sobre 10 de determinados aspectos, considerando el coste con un 6,4 de media; la amplitud del espacio abierto (7,1); el protocolo existente para medidas de protecci&oacute;n (7,2); el n&uacute;mero de ni&ntilde;os aceptados (6,8) y la calidad de las actividades propuestas (8,6).<\/p>\n<p>Adem&aacute;s de esta cuesti&oacute;n, se les pregunt&oacute; si cre&iacute;an que era posible respetar las medidas de seguridad y las herramientas de protecci&oacute;n en el contexto de un campamento de verano, consider&aacute;ndolo muy dif&iacute;cil el 52% de los hogares. Otros creen que podr&iacute;an hacerlo, pero solo en campamentos de verano que acojan a ni&ntilde;os mayores de 8 a&ntilde;os (29%) o prestando mucha atenci&oacute;n (11%).&nbsp;<\/p>\n<p>Por tanto, ante el miedo de muchas familias por el riesgo que podr&iacute;an suponer este tipo de actividades, un 29% de los padres indicaron que solicitar&iacute;an los servicios de una ni&ntilde;era durante el verano para a su vez poder seguir trabajando. No obstante, el mismo porcentaje de padres a&uacute;n no est&aacute; seguro de si la necesitar&aacute; y el 41% cree que podr&aacute; encontrar una soluci&oacute;n alternativa (organiz&aacute;ndose entre los propios padres o cuid&aacute;ndolos los hermanos mayores, por ejemplo).<\/p>\n<p><strong>La infograf&iacute;a con los resultados completos de la encuesta se pueden consultar a continuaci&oacute;n:<\/strong><\/p>\n<\/p>\n<figure><img decoding=\"async\" src=\"https:\/\/static.yoopies.com\/upload\/cms\/image\/5d944c95-ace7-4a5f-bb54-676b64791e6f-essurveyfamilies.jpg\" \/><\/figure>\n<p><a class=\"button\" href=\"https:\/\/yoopies.es\/c\/teletrabajo-con-ninos-guia-para-padres\">Lee tambi\u00e9n: Confinamiento con ni\u00f1os &#8211; Gu\u00eda para padres<\/a><\/p>\n","protected":false},"excerpt":{"rendered":"<p>Con motivo de la progresiva vuelta a la normalidad en nuestras vidas tras la pandemia &hellip; <\/p>\n","protected":false},"author":10,"featured_media":168,"parent":28,"menu_order":0,"comment_status":"closed","ping_status":"closed","template":"","meta":{"_acf_changed":false,"footnotes":""},"class_list":["post-167","page","type-page","status-publish","has-post-thumbnail","hentry"],"acf":[],"yoast_head":"<!-- This site is optimized with the Yoast SEO plugin v26.9 - https:\/\/yoast.com\/product\/yoast-seo-wordpress\/ -->\n<title>\u00bfQu\u00e9 har\u00e1n los ni\u00f1os este verano? Entre vacaciones, campamentos de verano y ni\u00f1eras\u00a0\u00a0<\/title>\n<meta name=\"description\" content=\"Con motivo de la progresiva vuelta a la normalidad en nuestras vidas tras la pandemia global del Covid-19, numerosas familias se encuentran con grandes problemas de conciliaci\u00f3n laboral y familiar, unido a la cercan\u00eda de las vacaciones de verano para los ni\u00f1os, lo que genera numerosas dudas sobre las posibilidades que tendr\u00e1n las familias para que sus hijos puedan pasar un tiempo de ocio y aprendizaje a trav\u00e9s de opciones como los campamentos de verano.\" \/>\n<meta name=\"robots\" content=\"index, follow, max-snippet:-1, max-image-preview:large, max-video-preview:-1\" \/>\n<link rel=\"canonical\" href=\"https:\/\/yoopies.es\/c\/guia-definitiva-cuidado-ninos\/que-haran-los-ninos-este-verano\/\" \/>\n<meta property=\"og:locale\" content=\"es_ES\" \/>\n<meta property=\"og:type\" content=\"article\" \/>\n<meta property=\"og:title\" content=\"\u00bfQu\u00e9 har\u00e1n los ni\u00f1os este verano? Entre vacaciones, campamentos de verano y ni\u00f1eras\u00a0\u00a0\" \/>\n<meta property=\"og:description\" content=\"Con motivo de la progresiva vuelta a la normalidad en nuestras vidas tras la pandemia global del Covid-19, numerosas familias se encuentran con grandes problemas de conciliaci\u00f3n laboral y familiar, unido a la cercan\u00eda de las vacaciones de verano para los ni\u00f1os, lo que genera numerosas dudas sobre las posibilidades que tendr\u00e1n las familias para que sus hijos puedan pasar un tiempo de ocio y aprendizaje a trav\u00e9s de opciones como los campamentos de verano.\" \/>\n<meta property=\"og:url\" content=\"https:\/\/yoopies.es\/c\/guia-definitiva-cuidado-ninos\/que-haran-los-ninos-este-verano\/\" \/>\n<meta property=\"og:site_name\" content=\"Yoopies Espa\u00f1a\" \/>\n<meta property=\"article:modified_time\" content=\"2025-06-12T08:44:06+00:00\" \/>\n<meta property=\"og:image\" content=\"https:\/\/yoopies.es\/c\/wp-content\/uploads\/sites\/7\/2024\/04\/eefc4e00-8401-473f-b675-48358f9086f0-essurveyfamiliesdetail.jpg\" \/>\n\t<meta property=\"og:image:width\" content=\"1200\" \/>\n\t<meta property=\"og:image:height\" content=\"625\" \/>\n\t<meta property=\"og:image:type\" content=\"image\/jpeg\" \/>\n<meta name=\"twitter:card\" content=\"summary_large_image\" \/>\n<meta name=\"twitter:label1\" content=\"Tiempo de lectura\" \/>\n\t<meta name=\"twitter:data1\" content=\"6 minutos\" \/>\n<script type=\"application\/ld+json\" class=\"yoast-schema-graph\">{\"@context\":\"https:\/\/schema.org\",\"@graph\":[{\"@type\":\"WebPage\",\"@id\":\"https:\/\/yoopies.es\/c\/guia-definitiva-cuidado-ninos\/que-haran-los-ninos-este-verano\/\",\"url\":\"https:\/\/yoopies.es\/c\/guia-definitiva-cuidado-ninos\/que-haran-los-ninos-este-verano\/\",\"name\":\"\u00bfQu\u00e9 har\u00e1n los ni\u00f1os este verano? Entre vacaciones, campamentos de verano y ni\u00f1eras\u00a0\u00a0\",\"isPartOf\":{\"@id\":\"https:\/\/yoopies.es\/c\/#website\"},\"primaryImageOfPage\":{\"@id\":\"https:\/\/yoopies.es\/c\/guia-definitiva-cuidado-ninos\/que-haran-los-ninos-este-verano\/#primaryimage\"},\"image\":{\"@id\":\"https:\/\/yoopies.es\/c\/guia-definitiva-cuidado-ninos\/que-haran-los-ninos-este-verano\/#primaryimage\"},\"thumbnailUrl\":\"https:\/\/yoopies.es\/c\/wp-content\/uploads\/sites\/7\/2024\/04\/eefc4e00-8401-473f-b675-48358f9086f0-essurveyfamiliesdetail.jpg\",\"datePublished\":\"2024-04-02T13:28:56+00:00\",\"dateModified\":\"2025-06-12T08:44:06+00:00\",\"description\":\"Con motivo de la progresiva vuelta a la normalidad en nuestras vidas tras la pandemia global del Covid-19, numerosas familias se encuentran con grandes problemas de conciliaci\u00f3n laboral y familiar, unido a la cercan\u00eda de las vacaciones de verano para los ni\u00f1os, lo que genera numerosas dudas sobre las posibilidades que tendr\u00e1n las familias para que sus hijos puedan pasar un tiempo de ocio y aprendizaje a trav\u00e9s de opciones como los campamentos de verano.\",\"breadcrumb\":{\"@id\":\"https:\/\/yoopies.es\/c\/guia-definitiva-cuidado-ninos\/que-haran-los-ninos-este-verano\/#breadcrumb\"},\"inLanguage\":\"es\",\"potentialAction\":[{\"@type\":\"ReadAction\",\"target\":[\"https:\/\/yoopies.es\/c\/guia-definitiva-cuidado-ninos\/que-haran-los-ninos-este-verano\/\"]}]},{\"@type\":\"ImageObject\",\"inLanguage\":\"es\",\"@id\":\"https:\/\/yoopies.es\/c\/guia-definitiva-cuidado-ninos\/que-haran-los-ninos-este-verano\/#primaryimage\",\"url\":\"https:\/\/yoopies.es\/c\/wp-content\/uploads\/sites\/7\/2024\/04\/eefc4e00-8401-473f-b675-48358f9086f0-essurveyfamiliesdetail.jpg\",\"contentUrl\":\"https:\/\/yoopies.es\/c\/wp-content\/uploads\/sites\/7\/2024\/04\/eefc4e00-8401-473f-b675-48358f9086f0-essurveyfamiliesdetail.jpg\",\"width\":1200,\"height\":625},{\"@type\":\"BreadcrumbList\",\"@id\":\"https:\/\/yoopies.es\/c\/guia-definitiva-cuidado-ninos\/que-haran-los-ninos-este-verano\/#breadcrumb\",\"itemListElement\":[{\"@type\":\"ListItem\",\"position\":1,\"name\":\"Home\",\"item\":\"https:\/\/yoopies.es\/c\/\"},{\"@type\":\"ListItem\",\"position\":2,\"name\":\"La gu\u00eda definitiva del cuidado de ni\u00f1os\",\"item\":\"https:\/\/yoopies.es\/c\/guia-definitiva-cuidado-ninos\/\"},{\"@type\":\"ListItem\",\"position\":3,\"name\":\"\u00bfQu\u00e9 har\u00e1n los ni\u00f1os este verano? Entre vacaciones, campamentos de verano y ni\u00f1eras\u00a0\u00a0\"}]},{\"@type\":\"WebSite\",\"@id\":\"https:\/\/yoopies.es\/c\/#website\",\"url\":\"https:\/\/yoopies.es\/c\/\",\"name\":\"Yoopies Espa\u00f1a\",\"description\":\"\",\"publisher\":{\"@id\":\"https:\/\/yoopies.es\/c\/#organization\"},\"potentialAction\":[{\"@type\":\"SearchAction\",\"target\":{\"@type\":\"EntryPoint\",\"urlTemplate\":\"https:\/\/yoopies.es\/c\/?s={search_term_string}\"},\"query-input\":{\"@type\":\"PropertyValueSpecification\",\"valueRequired\":true,\"valueName\":\"search_term_string\"}}],\"inLanguage\":\"es\"},{\"@type\":\"Organization\",\"@id\":\"https:\/\/yoopies.es\/c\/#organization\",\"name\":\"Yoopies Espa\u00f1a\",\"url\":\"https:\/\/yoopies.es\/c\/\",\"logo\":{\"@type\":\"ImageObject\",\"inLanguage\":\"es\",\"@id\":\"https:\/\/yoopies.es\/c\/#\/schema\/logo\/image\/\",\"url\":\"https:\/\/yoopies.es\/c\/wp-content\/uploads\/sites\/7\/2025\/05\/cropped-Logo_Yoopies-2.png\",\"contentUrl\":\"https:\/\/yoopies.es\/c\/wp-content\/uploads\/sites\/7\/2025\/05\/cropped-Logo_Yoopies-2.png\",\"width\":512,\"height\":512,\"caption\":\"Yoopies Espa\u00f1a\"},\"image\":{\"@id\":\"https:\/\/yoopies.es\/c\/#\/schema\/logo\/image\/\"}}]}<\/script>\n<!-- \/ Yoast SEO plugin. -->","yoast_head_json":{"title":"\u00bfQu\u00e9 har\u00e1n los ni\u00f1os este verano? Entre vacaciones, campamentos de verano y ni\u00f1eras\u00a0\u00a0","description":"Con motivo de la progresiva vuelta a la normalidad en nuestras vidas tras la pandemia global del Covid-19, numerosas familias se encuentran con grandes problemas de conciliaci\u00f3n laboral y familiar, unido a la cercan\u00eda de las vacaciones de verano para los ni\u00f1os, lo que genera numerosas dudas sobre las posibilidades que tendr\u00e1n las familias para que sus hijos puedan pasar un tiempo de ocio y aprendizaje a trav\u00e9s de opciones como los campamentos de verano.","robots":{"index":"index","follow":"follow","max-snippet":"max-snippet:-1","max-image-preview":"max-image-preview:large","max-video-preview":"max-video-preview:-1"},"canonical":"https:\/\/yoopies.es\/c\/guia-definitiva-cuidado-ninos\/que-haran-los-ninos-este-verano\/","og_locale":"es_ES","og_type":"article","og_title":"\u00bfQu\u00e9 har\u00e1n los ni\u00f1os este verano? Entre vacaciones, campamentos de verano y ni\u00f1eras\u00a0\u00a0","og_description":"Con motivo de la progresiva vuelta a la normalidad en nuestras vidas tras la pandemia global del Covid-19, numerosas familias se encuentran con grandes problemas de conciliaci\u00f3n laboral y familiar, unido a la cercan\u00eda de las vacaciones de verano para los ni\u00f1os, lo que genera numerosas dudas sobre las posibilidades que tendr\u00e1n las familias para que sus hijos puedan pasar un tiempo de ocio y aprendizaje a trav\u00e9s de opciones como los campamentos de verano.","og_url":"https:\/\/yoopies.es\/c\/guia-definitiva-cuidado-ninos\/que-haran-los-ninos-este-verano\/","og_site_name":"Yoopies Espa\u00f1a","article_modified_time":"2025-06-12T08:44:06+00:00","og_image":[{"width":1200,"height":625,"url":"https:\/\/yoopies.es\/c\/wp-content\/uploads\/sites\/7\/2024\/04\/eefc4e00-8401-473f-b675-48358f9086f0-essurveyfamiliesdetail.jpg","type":"image\/jpeg"}],"twitter_card":"summary_large_image","twitter_misc":{"Tiempo de lectura":"6 minutos"},"schema":{"@context":"https:\/\/schema.org","@graph":[{"@type":"WebPage","@id":"https:\/\/yoopies.es\/c\/guia-definitiva-cuidado-ninos\/que-haran-los-ninos-este-verano\/","url":"https:\/\/yoopies.es\/c\/guia-definitiva-cuidado-ninos\/que-haran-los-ninos-este-verano\/","name":"\u00bfQu\u00e9 har\u00e1n los ni\u00f1os este verano? Entre vacaciones, campamentos de verano y ni\u00f1eras\u00a0\u00a0","isPartOf":{"@id":"https:\/\/yoopies.es\/c\/#website"},"primaryImageOfPage":{"@id":"https:\/\/yoopies.es\/c\/guia-definitiva-cuidado-ninos\/que-haran-los-ninos-este-verano\/#primaryimage"},"image":{"@id":"https:\/\/yoopies.es\/c\/guia-definitiva-cuidado-ninos\/que-haran-los-ninos-este-verano\/#primaryimage"},"thumbnailUrl":"https:\/\/yoopies.es\/c\/wp-content\/uploads\/sites\/7\/2024\/04\/eefc4e00-8401-473f-b675-48358f9086f0-essurveyfamiliesdetail.jpg","datePublished":"2024-04-02T13:28:56+00:00","dateModified":"2025-06-12T08:44:06+00:00","description":"Con motivo de la progresiva vuelta a la normalidad en nuestras vidas tras la pandemia global del Covid-19, numerosas familias se encuentran con grandes problemas de conciliaci\u00f3n laboral y familiar, unido a la cercan\u00eda de las vacaciones de verano para los ni\u00f1os, lo que genera numerosas dudas sobre las posibilidades que tendr\u00e1n las familias para que sus hijos puedan pasar un tiempo de ocio y aprendizaje a trav\u00e9s de opciones como los campamentos de verano.","breadcrumb":{"@id":"https:\/\/yoopies.es\/c\/guia-definitiva-cuidado-ninos\/que-haran-los-ninos-este-verano\/#breadcrumb"},"inLanguage":"es","potentialAction":[{"@type":"ReadAction","target":["https:\/\/yoopies.es\/c\/guia-definitiva-cuidado-ninos\/que-haran-los-ninos-este-verano\/"]}]},{"@type":"ImageObject","inLanguage":"es","@id":"https:\/\/yoopies.es\/c\/guia-definitiva-cuidado-ninos\/que-haran-los-ninos-este-verano\/#primaryimage","url":"https:\/\/yoopies.es\/c\/wp-content\/uploads\/sites\/7\/2024\/04\/eefc4e00-8401-473f-b675-48358f9086f0-essurveyfamiliesdetail.jpg","contentUrl":"https:\/\/yoopies.es\/c\/wp-content\/uploads\/sites\/7\/2024\/04\/eefc4e00-8401-473f-b675-48358f9086f0-essurveyfamiliesdetail.jpg","width":1200,"height":625},{"@type":"BreadcrumbList","@id":"https:\/\/yoopies.es\/c\/guia-definitiva-cuidado-ninos\/que-haran-los-ninos-este-verano\/#breadcrumb","itemListElement":[{"@type":"ListItem","position":1,"name":"Home","item":"https:\/\/yoopies.es\/c\/"},{"@type":"ListItem","position":2,"name":"La gu\u00eda definitiva del cuidado de ni\u00f1os","item":"https:\/\/yoopies.es\/c\/guia-definitiva-cuidado-ninos\/"},{"@type":"ListItem","position":3,"name":"\u00bfQu\u00e9 har\u00e1n los ni\u00f1os este verano? Entre vacaciones, campamentos de verano y ni\u00f1eras\u00a0\u00a0"}]},{"@type":"WebSite","@id":"https:\/\/yoopies.es\/c\/#website","url":"https:\/\/yoopies.es\/c\/","name":"Yoopies Espa\u00f1a","description":"","publisher":{"@id":"https:\/\/yoopies.es\/c\/#organization"},"potentialAction":[{"@type":"SearchAction","target":{"@type":"EntryPoint","urlTemplate":"https:\/\/yoopies.es\/c\/?s={search_term_string}"},"query-input":{"@type":"PropertyValueSpecification","valueRequired":true,"valueName":"search_term_string"}}],"inLanguage":"es"},{"@type":"Organization","@id":"https:\/\/yoopies.es\/c\/#organization","name":"Yoopies Espa\u00f1a","url":"https:\/\/yoopies.es\/c\/","logo":{"@type":"ImageObject","inLanguage":"es","@id":"https:\/\/yoopies.es\/c\/#\/schema\/logo\/image\/","url":"https:\/\/yoopies.es\/c\/wp-content\/uploads\/sites\/7\/2025\/05\/cropped-Logo_Yoopies-2.png","contentUrl":"https:\/\/yoopies.es\/c\/wp-content\/uploads\/sites\/7\/2025\/05\/cropped-Logo_Yoopies-2.png","width":512,"height":512,"caption":"Yoopies Espa\u00f1a"},"image":{"@id":"https:\/\/yoopies.es\/c\/#\/schema\/logo\/image\/"}}]}},"_links":{"self":[{"href":"https:\/\/yoopies.es\/c\/wp-json\/wp\/v2\/pages\/167","targetHints":{"allow":["GET"]}}],"collection":[{"href":"https:\/\/yoopies.es\/c\/wp-json\/wp\/v2\/pages"}],"about":[{"href":"https:\/\/yoopies.es\/c\/wp-json\/wp\/v2\/types\/page"}],"author":[{"embeddable":true,"href":"https:\/\/yoopies.es\/c\/wp-json\/wp\/v2\/users\/10"}],"replies":[{"embeddable":true,"href":"https:\/\/yoopies.es\/c\/wp-json\/wp\/v2\/comments?post=167"}],"version-history":[{"count":1,"href":"https:\/\/yoopies.es\/c\/wp-json\/wp\/v2\/pages\/167\/revisions"}],"predecessor-version":[{"id":170,"href":"https:\/\/yoopies.es\/c\/wp-json\/wp\/v2\/pages\/167\/revisions\/170"}],"up":[{"embeddable":true,"href":"https:\/\/yoopies.es\/c\/wp-json\/wp\/v2\/pages\/28"}],"wp:featuredmedia":[{"embeddable":true,"href":"https:\/\/yoopies.es\/c\/wp-json\/wp\/v2\/media\/168"}],"wp:attachment":[{"href":"https:\/\/yoopies.es\/c\/wp-json\/wp\/v2\/media?parent=167"}],"curies":[{"name":"wp","href":"https:\/\/api.w.org\/{rel}","templated":true}]}}