{"id":16,"date":"2024-04-02T13:29:47","date_gmt":"2024-04-02T13:29:47","guid":{"rendered":"https:\/\/blog.yoopies.es\/20-juegos-para-que-los-ninos-se-entretengan-en-casa\/"},"modified":"2025-06-12T08:44:05","modified_gmt":"2025-06-12T08:44:05","slug":"20-juegos-para-que-los-ninos-se-entretengan-en-casa","status":"publish","type":"page","link":"https:\/\/yoopies.es\/c\/20-juegos-para-que-los-ninos-se-entretengan-en-casa\/","title":{"rendered":"20 juegos para que los ni\u00f1os se entretengan en casa"},"content":{"rendered":"<p><p>Ya seas madre, padre o ni&ntilde;era, &iexcl;tener ideas sobre los juegos y actividades que pueden hacer tus hijos es absolutamente necesario! Para ayudarte, hemos seleccionado para ti <strong>20 ideas de juegos simples, r&aacute;pidos y did&aacute;cticos <\/strong>que se pueden llevar a cabo en casa para combatir el aburrimiento. &iexcl;Mira nuestra lista y disfruta de una tarde de diversi&oacute;n con tus hijos o los ni&ntilde;os que cuides!<\/p>\n<\/p>\n<figure><img decoding=\"async\" src=\"https:\/\/static.yoopies.com\/upload\/cms\/image\/e83ee4f9f16ba7a52b66d081156910b7c3ebb0d0-post-instagram-1-min.jpg\" \/><figcaption>Ni\u00f1era jugando con dos ni\u00f1os<\/figcaption><\/figure>\n<p><p>1. <strong>Un cl&aacute;sico: <\/strong>inventad una historia todos juntos, contando una sola oraci&oacute;n cada uno, a su vez. Cada uno de los participantes tendr&aacute; que confiar en la frase dicha anteriormente por la persona anterior a &eacute;l. &iexcl;Da rienda suelta a tu imaginaci&oacute;n y prep&aacute;rate para re&iacute;r como un loco! Es un juego altamente recomendado incluso para viajes largos en coche, si necesitas m&aacute;s ideas sobre eso &uacute;ltimo, <a href=\"https:\/\/yoopies.es\/c\/juegos-para-hacer-en-el-coche-de-viaje\">lee este art&iacute;culo<\/a>.<\/p>\n<p>2. Improvisa un <strong>juego de bolos<\/strong> en casa con botellas y bolas. &iexcl;Que gane el mejor!<\/p>\n<p>3. Si la edad de los ni&ntilde;os lo permite, &iexcl;un buen <strong>juego del ahorcado <\/strong>pondr&aacute; a todos de acuerdo! Un juego verdaderamente atemporal.<\/p>\n<p>4. &iquest;Televisi&oacute;n?, &iquest;y por qu&eacute; no una peli? &iexcl;Preparad una merienda o palomitas todos juntos y disfrutad viendo <strong>una buena pel&iacute;cula<\/strong> con las persianas bajadas, &iexcl;como en un cine!<\/p>\n<p>5. <strong>&iexcl;Adivina qu&eacute; es! <\/strong>Con los ojos vendados, trata de hacer que tus hijos adivinen lo que est&aacute;n probando. &iexcl;Juega con gusto!<\/p>\n<p>6. <strong>Esc&oacute;ndete<\/strong> en la oscuridad y haz que tus peques te busquen.<\/p>\n<p>7. La <strong>caba&ntilde;a en la sala de estar<\/strong>: &iexcl;crea un refugio hecho de s&aacute;banas, almohadas y sillas!<\/p>\n<p>8. <strong>Pega tiras de papel<\/strong> de un lado del pasillo al otro y &iexcl;disfrutad creando una telara&ntilde;a!<\/p>\n<p>9.<strong> &iexcl;Collage! <\/strong>Elegid las mejores fotos recort&aacute;ndolas de revistas y peri&oacute;dicos y creando composiciones creativas y curiosas.<\/p>\n<p>10. <strong>Palabra m&aacute;gica:<\/strong> &iexcl;masa de sal! Divi&eacute;rtete creando miles y m&aacute;s objetos molde&aacute;ndolos a mano. Mezclar el agua, la sal y la harina para hacer la masa.<\/p>\n<\/p>\n<figure><img decoding=\"async\" src=\"https:\/\/static.yoopies.com\/upload\/cms\/image\/5e560063133f539e9ddc035b68af6a9574542790-hannah-tasker-zbkh8g4-yye-unsplash.jpg\" \/><figcaption>Ni\u00f1a jugando con huevos<\/figcaption><\/figure>\n<p><p>11. <strong>El juego del silencio. <\/strong>&iquest;No tienes ganas de confundirte y gritar? &iexcl;Juguemos inm&oacute;vil! &iexcl;Quien se mueva primero pierde!<\/p>\n<p>12. <strong>Usa rotuladores para colorear <\/strong>(&iexcl;ten cuidado, no los permanentes!). Puedes dibujar en las ventanas y entretener a los ni&ntilde;os con una nueva superficie, totalmente diferente de la cl&aacute;sica s&aacute;bana blanca. Para limpiar, solo necesitar&aacute;s un trapo y un producto de vidrio especial.<\/p>\n<p>13. <strong>Juega a los acertijos. <\/strong>Piensa en un personaje, tus hijos tendr&aacute;n que adivinar qui&eacute;n es a trav&eacute;s de preguntas y trucos.<\/p>\n<p>14. <strong>&iexcl;Juguemos al peluquero! <\/strong>Divi&eacute;rtete con geles, peinados&#8230; y un ba&ntilde;o en la ducha o ba&ntilde;era para lavar todo al final \ud83d\ude09<\/p>\n<p>15. <strong>&iexcl;Todos en la ba&ntilde;era!<\/strong> &iexcl;Nada mejor que mojarse y jugar con Barbies o el barco pirata! A veces, un simple ba&ntilde;o caliente con juegos y sin preocupaciones es justo lo que necesitamos.<\/p>\n<p>16. &iexcl;Con un poco de <strong>cinta de papel<\/strong> pod&eacute;is divertiros creando formas y dise&ntilde;os en cualquier superficie!<\/p>\n<p>17. Otro cl&aacute;sico de los juegos: &iexcl;<strong>1,2,3 palito ingl&eacute;s<\/strong>! &iexcl;Ay de los que se mueven!<\/p>\n<p>18. &iexcl;Desaf&iacute;a al <strong>disfraz<\/strong> m&aacute;s original! &iexcl;Abre los armario y no pongas ning&uacute;n l&iacute;mite a la imaginaci&oacute;n!<\/p>\n<p>19. <strong>Aprender haciendo<\/strong>: &iexcl;recorta letras de peri&oacute;dicos y volantes y escribe cartas y cartas divertidas!<\/p>\n<p>20. &iexcl;<strong>Toda una cocina<\/strong>! &iexcl;Algunas recetas cl&aacute;sicas como las galletas de mantequilla o la tarta de la abuela pueden ser un gran pasatiempo para grandes y peque&ntilde;os!<\/p>\n<p>Esperamos que estos consejos te hayan ayudado, y si necesitas que te echen una mano, puedes contactar con alguna de nuestras <a href=\"https:\/\/yoopies.es\/ni%C3%B1era\">ni&ntilde;eras de Yoopies<\/a>.<\/p>\n<\/p>\n<p><a class=\"button\" href=\"https:\/\/yoopies.es\/ni%C3%B1era\">\u00a1Encuentra la mejor ni\u00f1era para tus hijos ahora!<\/a><\/p>\n","protected":false},"excerpt":{"rendered":"<p>Ya seas madre, padre o ni&ntilde;era, &iexcl;tener ideas sobre los juegos y actividades que pueden &hellip; <\/p>\n","protected":false},"author":10,"featured_media":17,"parent":0,"menu_order":0,"comment_status":"closed","ping_status":"closed","template":"","meta":{"_acf_changed":false,"footnotes":""},"class_list":["post-16","page","type-page","status-publish","has-post-thumbnail","hentry"],"acf":[],"yoast_head":"<!-- This site is optimized with the Yoast SEO plugin v26.9 - https:\/\/yoast.com\/product\/yoast-seo-wordpress\/ -->\n<title>SOS: \u00bfqu\u00e9 hacemos?: 20 juegos para que los ni\u00f1os se entretengan en casa<\/title>\n<meta name=\"description\" content=\"\u00a1No tener ideas sobre qu\u00e9 juegos pueden jugar tus hijos es absolutamente normal! Aqu\u00ed encontrar\u00e1s una lista de 20 actividades sencillas y f\u00e1ciles de hacer.\" \/>\n<meta name=\"robots\" content=\"index, follow, max-snippet:-1, max-image-preview:large, max-video-preview:-1\" \/>\n<link rel=\"canonical\" href=\"https:\/\/yoopies.es\/c\/20-juegos-para-que-los-ninos-se-entretengan-en-casa\/\" \/>\n<meta property=\"og:locale\" content=\"es_ES\" \/>\n<meta property=\"og:type\" content=\"article\" \/>\n<meta property=\"og:title\" content=\"SOS: \u00bfqu\u00e9 hacemos?: 20 juegos para que los ni\u00f1os se entretengan en casa\" \/>\n<meta property=\"og:description\" content=\"\u00a1No tener ideas sobre qu\u00e9 juegos pueden jugar tus hijos es absolutamente normal! Aqu\u00ed encontrar\u00e1s una lista de 20 actividades sencillas y f\u00e1ciles de hacer.\" \/>\n<meta property=\"og:url\" content=\"https:\/\/yoopies.es\/c\/20-juegos-para-que-los-ninos-se-entretengan-en-casa\/\" \/>\n<meta property=\"og:site_name\" content=\"Yoopies Espa\u00f1a\" \/>\n<meta property=\"article:modified_time\" content=\"2025-06-12T08:44:05+00:00\" \/>\n<meta property=\"og:image\" content=\"https:\/\/yoopies.es\/c\/wp-content\/uploads\/sites\/7\/2024\/04\/506bb0e4336c5fc4ac4a1a2c66216f78c3fb8720-tanaphong-toochinda-gagc07wvvck-unsplash.jpg\" \/>\n\t<meta property=\"og:image:width\" content=\"1200\" \/>\n\t<meta property=\"og:image:height\" content=\"829\" \/>\n\t<meta property=\"og:image:type\" content=\"image\/jpeg\" \/>\n<meta name=\"twitter:card\" content=\"summary_large_image\" \/>\n<meta name=\"twitter:label1\" content=\"Tiempo de lectura\" \/>\n\t<meta name=\"twitter:data1\" content=\"4 minutos\" \/>\n<script type=\"application\/ld+json\" class=\"yoast-schema-graph\">{\"@context\":\"https:\/\/schema.org\",\"@graph\":[{\"@type\":\"WebPage\",\"@id\":\"https:\/\/yoopies.es\/c\/20-juegos-para-que-los-ninos-se-entretengan-en-casa\/\",\"url\":\"https:\/\/yoopies.es\/c\/20-juegos-para-que-los-ninos-se-entretengan-en-casa\/\",\"name\":\"SOS: \u00bfqu\u00e9 hacemos?: 20 juegos para que los ni\u00f1os se entretengan en casa\",\"isPartOf\":{\"@id\":\"https:\/\/yoopies.es\/c\/#website\"},\"primaryImageOfPage\":{\"@id\":\"https:\/\/yoopies.es\/c\/20-juegos-para-que-los-ninos-se-entretengan-en-casa\/#primaryimage\"},\"image\":{\"@id\":\"https:\/\/yoopies.es\/c\/20-juegos-para-que-los-ninos-se-entretengan-en-casa\/#primaryimage\"},\"thumbnailUrl\":\"https:\/\/yoopies.es\/c\/wp-content\/uploads\/sites\/7\/2024\/04\/506bb0e4336c5fc4ac4a1a2c66216f78c3fb8720-tanaphong-toochinda-gagc07wvvck-unsplash.jpg\",\"datePublished\":\"2024-04-02T13:29:47+00:00\",\"dateModified\":\"2025-06-12T08:44:05+00:00\",\"description\":\"\u00a1No tener ideas sobre qu\u00e9 juegos pueden jugar tus hijos es absolutamente normal! Aqu\u00ed encontrar\u00e1s una lista de 20 actividades sencillas y f\u00e1ciles de hacer.\",\"breadcrumb\":{\"@id\":\"https:\/\/yoopies.es\/c\/20-juegos-para-que-los-ninos-se-entretengan-en-casa\/#breadcrumb\"},\"inLanguage\":\"es\",\"potentialAction\":[{\"@type\":\"ReadAction\",\"target\":[\"https:\/\/yoopies.es\/c\/20-juegos-para-que-los-ninos-se-entretengan-en-casa\/\"]}]},{\"@type\":\"ImageObject\",\"inLanguage\":\"es\",\"@id\":\"https:\/\/yoopies.es\/c\/20-juegos-para-que-los-ninos-se-entretengan-en-casa\/#primaryimage\",\"url\":\"https:\/\/yoopies.es\/c\/wp-content\/uploads\/sites\/7\/2024\/04\/506bb0e4336c5fc4ac4a1a2c66216f78c3fb8720-tanaphong-toochinda-gagc07wvvck-unsplash.jpg\",\"contentUrl\":\"https:\/\/yoopies.es\/c\/wp-content\/uploads\/sites\/7\/2024\/04\/506bb0e4336c5fc4ac4a1a2c66216f78c3fb8720-tanaphong-toochinda-gagc07wvvck-unsplash.jpg\",\"width\":1200,\"height\":829},{\"@type\":\"BreadcrumbList\",\"@id\":\"https:\/\/yoopies.es\/c\/20-juegos-para-que-los-ninos-se-entretengan-en-casa\/#breadcrumb\",\"itemListElement\":[{\"@type\":\"ListItem\",\"position\":1,\"name\":\"Home\",\"item\":\"https:\/\/yoopies.es\/c\/\"},{\"@type\":\"ListItem\",\"position\":2,\"name\":\"20 juegos para que los ni\u00f1os se entretengan en casa\"}]},{\"@type\":\"WebSite\",\"@id\":\"https:\/\/yoopies.es\/c\/#website\",\"url\":\"https:\/\/yoopies.es\/c\/\",\"name\":\"Yoopies Espa\u00f1a\",\"description\":\"\",\"publisher\":{\"@id\":\"https:\/\/yoopies.es\/c\/#organization\"},\"potentialAction\":[{\"@type\":\"SearchAction\",\"target\":{\"@type\":\"EntryPoint\",\"urlTemplate\":\"https:\/\/yoopies.es\/c\/?s={search_term_string}\"},\"query-input\":{\"@type\":\"PropertyValueSpecification\",\"valueRequired\":true,\"valueName\":\"search_term_string\"}}],\"inLanguage\":\"es\"},{\"@type\":\"Organization\",\"@id\":\"https:\/\/yoopies.es\/c\/#organization\",\"name\":\"Yoopies Espa\u00f1a\",\"url\":\"https:\/\/yoopies.es\/c\/\",\"logo\":{\"@type\":\"ImageObject\",\"inLanguage\":\"es\",\"@id\":\"https:\/\/yoopies.es\/c\/#\/schema\/logo\/image\/\",\"url\":\"https:\/\/yoopies.es\/c\/wp-content\/uploads\/sites\/7\/2025\/05\/cropped-Logo_Yoopies-2.png\",\"contentUrl\":\"https:\/\/yoopies.es\/c\/wp-content\/uploads\/sites\/7\/2025\/05\/cropped-Logo_Yoopies-2.png\",\"width\":512,\"height\":512,\"caption\":\"Yoopies Espa\u00f1a\"},\"image\":{\"@id\":\"https:\/\/yoopies.es\/c\/#\/schema\/logo\/image\/\"}}]}<\/script>\n<!-- \/ Yoast SEO plugin. -->","yoast_head_json":{"title":"SOS: \u00bfqu\u00e9 hacemos?: 20 juegos para que los ni\u00f1os se entretengan en casa","description":"\u00a1No tener ideas sobre qu\u00e9 juegos pueden jugar tus hijos es absolutamente normal! Aqu\u00ed encontrar\u00e1s una lista de 20 actividades sencillas y f\u00e1ciles de hacer.","robots":{"index":"index","follow":"follow","max-snippet":"max-snippet:-1","max-image-preview":"max-image-preview:large","max-video-preview":"max-video-preview:-1"},"canonical":"https:\/\/yoopies.es\/c\/20-juegos-para-que-los-ninos-se-entretengan-en-casa\/","og_locale":"es_ES","og_type":"article","og_title":"SOS: \u00bfqu\u00e9 hacemos?: 20 juegos para que los ni\u00f1os se entretengan en casa","og_description":"\u00a1No tener ideas sobre qu\u00e9 juegos pueden jugar tus hijos es absolutamente normal! Aqu\u00ed encontrar\u00e1s una lista de 20 actividades sencillas y f\u00e1ciles de hacer.","og_url":"https:\/\/yoopies.es\/c\/20-juegos-para-que-los-ninos-se-entretengan-en-casa\/","og_site_name":"Yoopies Espa\u00f1a","article_modified_time":"2025-06-12T08:44:05+00:00","og_image":[{"width":1200,"height":829,"url":"https:\/\/yoopies.es\/c\/wp-content\/uploads\/sites\/7\/2024\/04\/506bb0e4336c5fc4ac4a1a2c66216f78c3fb8720-tanaphong-toochinda-gagc07wvvck-unsplash.jpg","type":"image\/jpeg"}],"twitter_card":"summary_large_image","twitter_misc":{"Tiempo de lectura":"4 minutos"},"schema":{"@context":"https:\/\/schema.org","@graph":[{"@type":"WebPage","@id":"https:\/\/yoopies.es\/c\/20-juegos-para-que-los-ninos-se-entretengan-en-casa\/","url":"https:\/\/yoopies.es\/c\/20-juegos-para-que-los-ninos-se-entretengan-en-casa\/","name":"SOS: \u00bfqu\u00e9 hacemos?: 20 juegos para que los ni\u00f1os se entretengan en casa","isPartOf":{"@id":"https:\/\/yoopies.es\/c\/#website"},"primaryImageOfPage":{"@id":"https:\/\/yoopies.es\/c\/20-juegos-para-que-los-ninos-se-entretengan-en-casa\/#primaryimage"},"image":{"@id":"https:\/\/yoopies.es\/c\/20-juegos-para-que-los-ninos-se-entretengan-en-casa\/#primaryimage"},"thumbnailUrl":"https:\/\/yoopies.es\/c\/wp-content\/uploads\/sites\/7\/2024\/04\/506bb0e4336c5fc4ac4a1a2c66216f78c3fb8720-tanaphong-toochinda-gagc07wvvck-unsplash.jpg","datePublished":"2024-04-02T13:29:47+00:00","dateModified":"2025-06-12T08:44:05+00:00","description":"\u00a1No tener ideas sobre qu\u00e9 juegos pueden jugar tus hijos es absolutamente normal! Aqu\u00ed encontrar\u00e1s una lista de 20 actividades sencillas y f\u00e1ciles de hacer.","breadcrumb":{"@id":"https:\/\/yoopies.es\/c\/20-juegos-para-que-los-ninos-se-entretengan-en-casa\/#breadcrumb"},"inLanguage":"es","potentialAction":[{"@type":"ReadAction","target":["https:\/\/yoopies.es\/c\/20-juegos-para-que-los-ninos-se-entretengan-en-casa\/"]}]},{"@type":"ImageObject","inLanguage":"es","@id":"https:\/\/yoopies.es\/c\/20-juegos-para-que-los-ninos-se-entretengan-en-casa\/#primaryimage","url":"https:\/\/yoopies.es\/c\/wp-content\/uploads\/sites\/7\/2024\/04\/506bb0e4336c5fc4ac4a1a2c66216f78c3fb8720-tanaphong-toochinda-gagc07wvvck-unsplash.jpg","contentUrl":"https:\/\/yoopies.es\/c\/wp-content\/uploads\/sites\/7\/2024\/04\/506bb0e4336c5fc4ac4a1a2c66216f78c3fb8720-tanaphong-toochinda-gagc07wvvck-unsplash.jpg","width":1200,"height":829},{"@type":"BreadcrumbList","@id":"https:\/\/yoopies.es\/c\/20-juegos-para-que-los-ninos-se-entretengan-en-casa\/#breadcrumb","itemListElement":[{"@type":"ListItem","position":1,"name":"Home","item":"https:\/\/yoopies.es\/c\/"},{"@type":"ListItem","position":2,"name":"20 juegos para que los ni\u00f1os se entretengan en casa"}]},{"@type":"WebSite","@id":"https:\/\/yoopies.es\/c\/#website","url":"https:\/\/yoopies.es\/c\/","name":"Yoopies Espa\u00f1a","description":"","publisher":{"@id":"https:\/\/yoopies.es\/c\/#organization"},"potentialAction":[{"@type":"SearchAction","target":{"@type":"EntryPoint","urlTemplate":"https:\/\/yoopies.es\/c\/?s={search_term_string}"},"query-input":{"@type":"PropertyValueSpecification","valueRequired":true,"valueName":"search_term_string"}}],"inLanguage":"es"},{"@type":"Organization","@id":"https:\/\/yoopies.es\/c\/#organization","name":"Yoopies Espa\u00f1a","url":"https:\/\/yoopies.es\/c\/","logo":{"@type":"ImageObject","inLanguage":"es","@id":"https:\/\/yoopies.es\/c\/#\/schema\/logo\/image\/","url":"https:\/\/yoopies.es\/c\/wp-content\/uploads\/sites\/7\/2025\/05\/cropped-Logo_Yoopies-2.png","contentUrl":"https:\/\/yoopies.es\/c\/wp-content\/uploads\/sites\/7\/2025\/05\/cropped-Logo_Yoopies-2.png","width":512,"height":512,"caption":"Yoopies Espa\u00f1a"},"image":{"@id":"https:\/\/yoopies.es\/c\/#\/schema\/logo\/image\/"}}]}},"_links":{"self":[{"href":"https:\/\/yoopies.es\/c\/wp-json\/wp\/v2\/pages\/16","targetHints":{"allow":["GET"]}}],"collection":[{"href":"https:\/\/yoopies.es\/c\/wp-json\/wp\/v2\/pages"}],"about":[{"href":"https:\/\/yoopies.es\/c\/wp-json\/wp\/v2\/types\/page"}],"author":[{"embeddable":true,"href":"https:\/\/yoopies.es\/c\/wp-json\/wp\/v2\/users\/10"}],"replies":[{"embeddable":true,"href":"https:\/\/yoopies.es\/c\/wp-json\/wp\/v2\/comments?post=16"}],"version-history":[{"count":1,"href":"https:\/\/yoopies.es\/c\/wp-json\/wp\/v2\/pages\/16\/revisions"}],"predecessor-version":[{"id":18,"href":"https:\/\/yoopies.es\/c\/wp-json\/wp\/v2\/pages\/16\/revisions\/18"}],"wp:featuredmedia":[{"embeddable":true,"href":"https:\/\/yoopies.es\/c\/wp-json\/wp\/v2\/media\/17"}],"wp:attachment":[{"href":"https:\/\/yoopies.es\/c\/wp-json\/wp\/v2\/media?parent=16"}],"curies":[{"name":"wp","href":"https:\/\/api.w.org\/{rel}","templated":true}]}}